CRAN Package Check Results for Package altair

Last updated on 2020-10-21 12:49:55 CEST.

Flavor Version Tinstall Tcheck Ttotal Status Flags
r-devel-linux-x86_64-debian-clang 4.0.1 7.30 72.82 80.12 OK
r-devel-linux-x86_64-debian-gcc 4.0.1 5.17 54.92 60.09 OK
r-devel-linux-x86_64-fedora-clang 4.0.1 103.16 OK
r-devel-linux-x86_64-fedora-gcc 4.0.1 91.62 OK
r-devel-windows-ix86+x86_64 4.0.1 16.00 92.00 108.00 OK
r-patched-linux-x86_64 4.0.1 6.58 65.83 72.41 OK
r-patched-solaris-x86 4.0.1 137.30 NOTE
r-release-linux-x86_64 4.0.1 6.82 65.94 72.76 OK
r-release-macos-x86_64 4.0.1 OK
r-release-windows-ix86+x86_64 4.0.1 14.00 93.00 107.00 OK
r-oldrel-macos-x86_64 4.0.1 OK
r-oldrel-windows-ix86+x86_64 4.0.1 10.00 70.00 80.00 OK

Check Details

Version: 4.0.1
Check: package dependencies
Result: NOTE
    Packages suggested but not available for checking: 'pkgdown', 'rsvg'
Flavor: r-patched-solaris-x86