CRAN Package Check Results for Package ambient

Last updated on 2025-01-19 05:49:03 CET.

Flavor Version Tinstall Tcheck Ttotal Status Flags
r-devel-linux-x86_64-debian-clang 1.0.2 16.60 42.55 59.15 NOTE
r-devel-linux-x86_64-debian-gcc 1.0.2 11.32 32.29 43.61 NOTE
r-devel-linux-x86_64-fedora-clang 1.0.2 115.30 NOTE
r-devel-linux-x86_64-fedora-gcc 1.0.2 101.73 NOTE
r-devel-windows-x86_64 1.0.2 21.00 83.00 104.00 NOTE
r-patched-linux-x86_64 1.0.2 14.86 41.07 55.93 NOTE
r-release-linux-x86_64 1.0.2 14.63 42.05 56.68 NOTE
r-release-macos-arm64 1.0.2 33.00 NOTE
r-release-macos-x86_64 1.0.2 48.00 NOTE
r-release-windows-x86_64 1.0.2 20.00 85.00 105.00 NOTE
r-oldrel-macos-arm64 1.0.2 39.00 NOTE
r-oldrel-macos-x86_64 1.0.2 58.00 NOTE
r-oldrel-windows-x86_64 1.0.2 23.00 90.00 113.00 NOTE

Additional issues

rchk

Check Details

Version: 1.0.2
Check: C++ specification
Result: NOTE Specified C++11: please drop specification unless essential Flavors: r-devel-linux-x86_64-debian-clang, r-devel-linux-x86_64-debian-gcc, r-devel-linux-x86_64-fedora-clang, r-devel-linux-x86_64-fedora-gcc, r-devel-windows-x86_64, r-patched-linux-x86_64, r-release-linux-x86_64, r-release-macos-arm64, r-release-macos-x86_64, r-release-windows-x86_64, r-oldrel-macos-arm64, r-oldrel-macos-x86_64, r-oldrel-windows-x86_64