CRAN Package Check Results for Package amelie

Last updated on 2025-01-19 05:49:03 CET.

Flavor Version Tinstall Tcheck Ttotal Status Flags
r-devel-linux-x86_64-debian-clang 0.2.1 1.93 23.97 25.90 OK
r-devel-linux-x86_64-debian-gcc 0.2.1 1.38 19.37 20.75 OK
r-devel-linux-x86_64-fedora-clang 0.2.1 44.45 OK
r-devel-linux-x86_64-fedora-gcc 0.2.1 55.30 OK
r-devel-windows-x86_64 0.2.1 4.00 45.00 49.00 OK
r-patched-linux-x86_64 0.2.1 1.91 22.54 24.45 NOTE
r-release-linux-x86_64 0.2.1 1.68 22.79 24.47 NOTE
r-release-macos-arm64 0.2.1 23.00 NOTE
r-release-macos-x86_64 0.2.1 34.00 NOTE
r-release-windows-x86_64 0.2.1 3.00 45.00 48.00 NOTE
r-oldrel-macos-arm64 0.2.1 23.00 NOTE
r-oldrel-macos-x86_64 0.2.1 37.00 NOTE
r-oldrel-windows-x86_64 0.2.1 4.00 46.00 50.00 NOTE

Check Details

Version: 0.2.1
Check: LazyData
Result: NOTE 'LazyData' is specified without a 'data' directory Flavors: r-patched-linux-x86_64, r-release-linux-x86_64, r-release-macos-arm64, r-release-macos-x86_64, r-release-windows-x86_64, r-oldrel-macos-arm64, r-oldrel-macos-x86_64, r-oldrel-windows-x86_64