CRAN Package Check Results for Package amerika

Last updated on 2025-01-19 05:49:03 CET.

Flavor Version Tinstall Tcheck Ttotal Status Flags
r-devel-linux-x86_64-debian-clang 0.1.0 1.38 15.56 16.94 OK
r-devel-linux-x86_64-debian-gcc 0.1.0 1.25 12.84 14.09 OK
r-devel-linux-x86_64-fedora-clang 0.1.0 29.11 OK
r-devel-linux-x86_64-fedora-gcc 0.1.0 27.16 OK
r-devel-windows-x86_64 0.1.0 2.00 35.00 37.00 OK
r-patched-linux-x86_64 0.1.0 1.37 15.08 16.45 NOTE
r-release-linux-x86_64 0.1.0 1.32 14.99 16.31 NOTE
r-release-macos-arm64 0.1.0 13.00 NOTE
r-release-macos-x86_64 0.1.0 20.00 NOTE
r-release-windows-x86_64 0.1.0 3.00 35.00 38.00 NOTE
r-oldrel-macos-arm64 0.1.0 15.00 NOTE
r-oldrel-macos-x86_64 0.1.0 19.00 NOTE
r-oldrel-windows-x86_64 0.1.0 3.00 35.00 38.00 NOTE

Check Details

Version: 0.1.0
Check: LazyData
Result: NOTE 'LazyData' is specified without a 'data' directory Flavors: r-patched-linux-x86_64, r-release-linux-x86_64, r-release-macos-arm64, r-release-macos-x86_64, r-release-windows-x86_64, r-oldrel-macos-arm64, r-oldrel-macos-x86_64, r-oldrel-windows-x86_64