Last updated on 2025-01-19 05:49:03 CET.
Flavor | Version | Tinstall | Tcheck | Ttotal | Status | Flags |
---|---|---|---|---|---|---|
r-devel-linux-x86_64-debian-clang | 1.0-2 | 14.22 | 142.57 | 156.79 | NOTE | |
r-devel-linux-x86_64-debian-gcc | 1.0-2 | 8.72 | 99.50 | 108.22 | NOTE | |
r-devel-linux-x86_64-fedora-clang | 1.0-2 | 272.67 | OK | |||
r-devel-linux-x86_64-fedora-gcc | 1.0-2 | 251.64 | OK | |||
r-devel-windows-x86_64 | 1.0-2 | 16.00 | 128.00 | 144.00 | NOTE | |
r-patched-linux-x86_64 | 1.0-2 | 13.11 | 132.93 | 146.04 | OK | |
r-release-linux-x86_64 | 1.0-2 | 13.17 | 133.55 | 146.72 | OK | |
r-release-macos-arm64 | 1.0-2 | 66.00 | OK | |||
r-release-macos-x86_64 | 1.0-2 | 105.00 | OK | |||
r-release-windows-x86_64 | 1.0-2 | 16.00 | 135.00 | 151.00 | OK | |
r-oldrel-macos-arm64 | 1.0-2 | 86.00 | OK | |||
r-oldrel-macos-x86_64 | 1.0-2 | 218.00 | OK | |||
r-oldrel-windows-x86_64 | 1.0-2 | 20.00 | 161.00 | 181.00 | OK |
Version: 1.0-2
Check: Rd cross-references
Result: NOTE
Found the following Rd file(s) with Rd \link{} targets missing package
anchors:
ammiBayes.conf.plot.Rd: lattice
ammiBayes.mean.plot.Rd: lattice
Please provide package anchors for all Rd \link{} targets not in the
package itself and the base packages.
Flavors: r-devel-linux-x86_64-debian-clang, r-devel-linux-x86_64-debian-gcc, r-devel-windows-x86_64