CRAN Package Check Results for Package anMC

Last updated on 2025-01-19 05:49:03 CET.

Flavor Version Tinstall Tcheck Ttotal Status Flags
r-devel-linux-x86_64-debian-clang 0.2.5 26.05 29.21 55.26 NOTE
r-devel-linux-x86_64-debian-gcc 0.2.5 16.61 21.96 38.57 NOTE
r-devel-linux-x86_64-fedora-clang 0.2.5 108.58 NOTE
r-devel-linux-x86_64-fedora-gcc 0.2.5 98.64 NOTE
r-devel-windows-x86_64 0.2.5 28.00 66.00 94.00 NOTE
r-patched-linux-x86_64 0.2.5 23.65 28.01 51.66 NOTE
r-release-linux-x86_64 0.2.5 25.43 27.74 53.17 NOTE
r-release-macos-arm64 0.2.5 30.00 NOTE
r-release-macos-x86_64 0.2.5 38.00 NOTE
r-release-windows-x86_64 0.2.5 28.00 67.00 95.00 NOTE
r-oldrel-macos-arm64 0.2.5 33.00 OK
r-oldrel-macos-x86_64 0.2.5 77.00 OK
r-oldrel-windows-x86_64 0.2.5 33.00 76.00 109.00 OK

Check Details

Version: 0.2.5
Check: Rd files
Result: NOTE checkRd: (-1) ProbaMax.Rd:32: Lost braces; missing escapes or markup? 32 | \item{E}{discretization design for the field. If \code{NULL}, a simplex-lattice design {n,n} is used, with \code{n=length(mu)}. In this case the choice of method=4,5 are not advised.} | ^ checkRd: (-1) ProbaMax.Rd:71: Lost braces in \itemize; \value handles \item{}{} directly checkRd: (-1) ProbaMax.Rd:72: Lost braces in \itemize; \value handles \item{}{} directly checkRd: (-1) ProbaMax.Rd:73: Lost braces in \itemize; \value handles \item{}{} directly checkRd: (-1) ProbaMax.Rd:77: Lost braces in \itemize; \value handles \item{}{} directly checkRd: (-1) ProbaMax.Rd:78: Lost braces in \itemize; \value handles \item{}{} directly checkRd: (-1) ProbaMax.Rd:79: Lost braces in \itemize; \value handles \item{}{} directly checkRd: (-1) ProbaMax.Rd:80: Lost braces in \itemize; \value handles \item{}{} directly checkRd: (-1) ProbaMin.Rd:32: Lost braces; missing escapes or markup? 32 | \item{E}{discretization design for the field. If \code{NULL}, a simplex-lattice design {n,n} is used, with \code{n=length(mu)}. In this case the choice of method=4,5 are not advised.} | ^ checkRd: (-1) ProbaMin.Rd:71: Lost braces in \itemize; \value handles \item{}{} directly checkRd: (-1) ProbaMin.Rd:72: Lost braces in \itemize; \value handles \item{}{} directly checkRd: (-1) ProbaMin.Rd:73: Lost braces in \itemize; \value handles \item{}{} directly checkRd: (-1) ProbaMin.Rd:77: Lost braces in \itemize; \value handles \item{}{} directly checkRd: (-1) ProbaMin.Rd:78: Lost braces in \itemize; \value handles \item{}{} directly checkRd: (-1) ProbaMin.Rd:79: Lost braces in \itemize; \value handles \item{}{} directly checkRd: (-1) ProbaMin.Rd:80: Lost braces in \itemize; \value handles \item{}{} directly checkRd: (-1) selectQdims.Rd:57: Lost braces in \itemize; \value handles \item{}{} directly checkRd: (-1) selectQdims.Rd:58: Lost braces in \itemize; \value handles \item{}{} directly checkRd: (-1) selectQdims.Rd:59: Lost braces in \itemize; \value handles \item{}{} directly checkRd: (-1) selectQdims.Rd:60: Lost braces in \itemize; \value handles \item{}{} directly checkRd: (-1) selectQdims.Rd:61: Lost braces in \itemize; \value handles \item{}{} directly Flavors: r-devel-linux-x86_64-debian-clang, r-devel-linux-x86_64-debian-gcc, r-devel-linux-x86_64-fedora-clang, r-devel-linux-x86_64-fedora-gcc, r-devel-windows-x86_64, r-patched-linux-x86_64, r-release-linux-x86_64, r-release-macos-arm64, r-release-macos-x86_64, r-release-windows-x86_64