CRAN Package Check Results for Package anipaths

Last updated on 2019-10-19 12:47:28 CEST.

Flavor Version Tinstall Tcheck Ttotal Status Flags
r-devel-linux-x86_64-debian-clang 0.9.7 8.81 64.31 73.12 NOTE
r-devel-linux-x86_64-debian-gcc 0.9.7 7.97 51.99 59.96 NOTE
r-devel-linux-x86_64-fedora-clang 0.9.7 89.09 NOTE
r-devel-linux-x86_64-fedora-gcc 0.9.7 87.28 NOTE
r-devel-windows-ix86+x86_64 0.9.7 19.00 72.00 91.00 NOTE
r-patched-linux-x86_64 0.9.7 8.33 62.20 70.53 OK
r-patched-solaris-x86 0.9.7 137.20 NOTE
r-release-linux-x86_64 0.9.7 8.27 63.02 71.29 OK
r-release-windows-ix86+x86_64 0.9.7 16.00 74.00 90.00 OK
r-release-osx-x86_64 0.9.7 NOTE
r-oldrel-windows-ix86+x86_64 0.9.7 10.00 71.00 81.00 OK
r-oldrel-osx-x86_64 0.9.7 NOTE

Check Details

Version: 0.9.7
Check: package vignettes
Result: NOTE
    Package vignette with placeholder title 'Vignette Title':
     'anipaths.Rmd'
Flavors: r-devel-linux-x86_64-debian-clang, r-devel-linux-x86_64-debian-gcc, r-devel-windows-ix86+x86_64

Version: 0.9.7
Check: for non-standard things in the check directory
Result: NOTE
    Found the following files/directories:
     'css' 'images' 'index.html' 'js'
Flavors: r-devel-linux-x86_64-debian-clang, r-devel-linux-x86_64-debian-gcc, r-devel-linux-x86_64-fedora-clang, r-devel-linux-x86_64-fedora-gcc

Version: 0.9.7
Check: dependencies in R code
Result: NOTE
    Namespaces in Imports field not imported from:
     ‘knitr’ ‘rgdal’
     All declared Imports should be used.
Flavors: r-devel-linux-x86_64-fedora-clang, r-devel-linux-x86_64-fedora-gcc, r-patched-solaris-x86, r-release-osx-x86_64, r-oldrel-osx-x86_64