CRAN Package Check Results for Package anytime

Last updated on 2020-06-02 12:48:38 CEST.

Flavor Version Tinstall Tcheck Ttotal Status Flags
r-devel-linux-x86_64-debian-clang 0.3.7 27.95 28.90 56.85 OK
r-devel-linux-x86_64-debian-gcc 0.3.7 21.05 23.44 44.49 OK
r-devel-linux-x86_64-fedora-clang 0.3.7 82.86 ERROR
r-devel-linux-x86_64-fedora-gcc 0.3.7 72.02 ERROR
r-devel-windows-ix86+x86_64 0.3.7 84.00 121.00 205.00 OK
r-patched-linux-x86_64 0.3.7 24.31 29.25 53.56 OK
r-patched-solaris-x86 0.3.7 90.30 OK
r-release-linux-x86_64 0.3.7 25.20 28.96 54.16 OK
r-release-osx-x86_64 0.3.7 OK
r-release-windows-ix86+x86_64 0.3.7 70.00 99.00 169.00 OK
r-oldrel-osx-x86_64 0.3.7 OK
r-oldrel-windows-ix86+x86_64 0.3.7 81.00 75.00 156.00 OK

Check Details

Version: 0.3.7
Check: tests
Result: ERROR
     Running ‘tinytest.R’
    Running the tests in ‘tests/tinytest.R’ failed.
    Complete output:
     >
     > if (requireNamespace("tinytest", quietly=TRUE) &&
     + utils::packageVersion("tinytest") >= "1.0.0") {
     +
     + ## Set a seed to make the test deterministic
     + set.seed(42)
     +
     + ## there are several more granular ways to test files in a tinytest directory,
     + ## see its package vignette; tests can also run once the package is installed
     + ## using the same command `test_package(pkgName)`, or by director or file
     + tinytest::test_package("anytime", ncpu=getOption("Ncpus", 1), side_effects=TRUE)
     + }
     starting worker pid=17617 on localhost:11859 at 15:19:13.911
    
     Exited 'test_all_formats.R' at line 24. Skipping Solaris or Windows or Release
     Running test_all_formats.R............ 0 tests
    
     Running test_assertions.R............. 2 tests <1b>[0;32mOK<1b>[0m <1b>[0;93m1 side-effects<1b>[0m
    
     Exited 'test_bulk.R' at line 27. Skipping Solaris or Windows or Stupid
     Running test_bulk.R................... 0 tests <1b>[0;93m1 side-effects<1b>[0m
    
     Running test_calc_unique.R............ 4 tests <1b>[0;32mOK<1b>[0m
    
     Running test_gh_issue_100.R........... 2 tests <1b>[0;32mOK<1b>[0m <1b>[0;93m1 side-effects<1b>[0m
    
     Running test_gh_issue_12.R............ 2 tests <1b>[0;32mOK<1b>[0m
    
     Running test_gh_issue_33.R............ 2 tests <1b>[0;32mOK<1b>[0m
    
     Running test_gh_issue_56.R............ 7 tests <1b>[0;32mOK<1b>[0m
    
     Running test_simple.R................. 34 tests <1b>[0;31m10 fails<1b>[0m <1b>[0;93m1 side-effects<1b>[0m
    
     Running test_utilities.R.............. 2 tests <1b>[0;32mOK<1b>[0m <1b>[0;93m1 side-effects<1b>[0m
     Error: ----- FAILED[data]: test_simple.R<35--35>
     call| if (!isWindows) expect_equivalent(refT, anytime(20160101L + 0:2,
     call| oldHeuristic = TRUE))
     diff| Mean absolute difference: 3600
     ----- FAILED[data]: test_simple.R<39--39>
     call| if (!isWindows) expect_equivalent(refT, anytime(20160101 + 0:2,
     call| oldHeuristic = TRUE))
     diff| Mean absolute difference: 3600
     ----- FAILED[data]: test_simple.R<43--43>
     call| if (!isWindows) expect_equivalent(refT, anytime(as.factor(20160101 +
     call| 0:2)))
     diff| Mean absolute difference: 3600
     ----- FAILED[data]: test_simple.R<47--47>
     call| if (!isWindows) expect_equivalent(refT, anytime(as.ordered(20160101 +
     call| 0:2)))
     diff| Mean absolute difference: 3600
     ----- FAILED[data]: test_simple.R<51--51>
     call| if (!isWindows) expect_equivalent(refT, anytime(as.character(20160101 +
     call| 0:2)))
     diff| Mean absolute difference: 3600
     ----- FAILED[data]: test_simple.R<55--55>
     call| if (!isWindows) expect_equivalent(refT, anytime(c("20160101",
     Execution halted
Flavor: r-devel-linux-x86_64-fedora-clang

Version: 0.3.7
Check: tests
Result: ERROR
     Running ‘tinytest.R’
    Running the tests in ‘tests/tinytest.R’ failed.
    Complete output:
     >
     > if (requireNamespace("tinytest", quietly=TRUE) &&
     + utils::packageVersion("tinytest") >= "1.0.0") {
     +
     + ## Set a seed to make the test deterministic
     + set.seed(42)
     +
     + ## there are several more granular ways to test files in a tinytest directory,
     + ## see its package vignette; tests can also run once the package is installed
     + ## using the same command `test_package(pkgName)`, or by director or file
     + tinytest::test_package("anytime", ncpu=getOption("Ncpus", 1), side_effects=TRUE)
     + }
     starting worker pid=15761 on localhost:11431 at 19:40:15.372
    
     Exited 'test_all_formats.R' at line 24. Skipping Solaris or Windows or Release
     Running test_all_formats.R............ 0 tests
    
     Running test_assertions.R............. 2 tests <1b>[0;32mOK<1b>[0m <1b>[0;93m1 side-effects<1b>[0m
    
     Exited 'test_bulk.R' at line 27. Skipping Solaris or Windows or Stupid
     Running test_bulk.R................... 0 tests <1b>[0;93m1 side-effects<1b>[0m
    
     Running test_calc_unique.R............ 4 tests <1b>[0;32mOK<1b>[0m
    
     Running test_gh_issue_100.R........... 2 tests <1b>[0;32mOK<1b>[0m <1b>[0;93m1 side-effects<1b>[0m
    
     Running test_gh_issue_12.R............ 2 tests <1b>[0;32mOK<1b>[0m
    
     Running test_gh_issue_33.R............ 2 tests <1b>[0;32mOK<1b>[0m
    
     Running test_gh_issue_56.R............ 7 tests <1b>[0;32mOK<1b>[0m
    
     Running test_simple.R................. 34 tests <1b>[0;31m10 fails<1b>[0m <1b>[0;93m1 side-effects<1b>[0m
    
     Running test_utilities.R.............. 2 tests <1b>[0;32mOK<1b>[0m <1b>[0;93m1 side-effects<1b>[0m
     Error: ----- FAILED[data]: test_simple.R<35--35>
     call| if (!isWindows) expect_equivalent(refT, anytime(20160101L + 0:2,
     call| oldHeuristic = TRUE))
     diff| Mean absolute difference: 3600
     ----- FAILED[data]: test_simple.R<39--39>
     call| if (!isWindows) expect_equivalent(refT, anytime(20160101 + 0:2,
     call| oldHeuristic = TRUE))
     diff| Mean absolute difference: 3600
     ----- FAILED[data]: test_simple.R<43--43>
     call| if (!isWindows) expect_equivalent(refT, anytime(as.factor(20160101 +
     call| 0:2)))
     diff| Mean absolute difference: 3600
     ----- FAILED[data]: test_simple.R<47--47>
     call| if (!isWindows) expect_equivalent(refT, anytime(as.ordered(20160101 +
     call| 0:2)))
     diff| Mean absolute difference: 3600
     ----- FAILED[data]: test_simple.R<51--51>
     call| if (!isWindows) expect_equivalent(refT, anytime(as.character(20160101 +
     call| 0:2)))
     diff| Mean absolute difference: 3600
     ----- FAILED[data]: test_simple.R<55--55>
     call| if (!isWindows) expect_equivalent(refT, anytime(c("20160101",
     Execution halted
Flavor: r-devel-linux-x86_64-fedora-gcc