CRAN Package Check Results for Package aoristic

Last updated on 2020-10-31 11:50:34 CET.

Flavor Version Tinstall Tcheck Ttotal Status Flags
r-devel-linux-x86_64-debian-clang 1.0.0 6.54 59.77 66.31 OK
r-devel-linux-x86_64-debian-gcc 1.0.0 5.38 44.15 49.53 OK
r-devel-linux-x86_64-fedora-clang 1.0.0 87.18 NOTE
r-devel-linux-x86_64-fedora-gcc 1.0.0 75.33 NOTE
r-devel-windows-ix86+x86_64 1.0.0 20.00 90.00 110.00 OK
r-patched-linux-x86_64 1.0.0 5.71 54.10 59.81 OK
r-patched-solaris-x86 1.0.0 102.70 NOTE
r-release-linux-x86_64 1.0.0 6.22 53.81 60.03 OK
r-release-macos-x86_64 1.0.0 NOTE
r-release-windows-ix86+x86_64 1.0.0 13.00 83.00 96.00 OK
r-oldrel-macos-x86_64 1.0.0 NOTE
r-oldrel-windows-ix86+x86_64 1.0.0 12.00 64.00 76.00 OK

Check Details

Version: 1.0.0
Check: dependencies in R code
Result: NOTE
    Namespace in Imports field not imported from: ‘foreign’
     All declared Imports should be used.
Flavors: r-devel-linux-x86_64-fedora-clang, r-devel-linux-x86_64-fedora-gcc, r-patched-solaris-x86, r-release-macos-x86_64, r-oldrel-macos-x86_64