Last updated on 2025-01-19 05:49:03 CET.
Flavor | Version | Tinstall | Tcheck | Ttotal | Status | Flags |
---|---|---|---|---|---|---|
r-devel-linux-x86_64-debian-clang | 0.1.5 | 141.08 | 130.28 | 271.36 | OK | |
r-devel-linux-x86_64-debian-gcc | 0.1.5 | 103.85 | 93.30 | 197.15 | OK | |
r-devel-linux-x86_64-fedora-clang | 0.1.5 | 526.84 | OK | |||
r-devel-linux-x86_64-fedora-gcc | 0.1.5 | 545.14 | OK | |||
r-devel-windows-x86_64 | 0.1.5 | 142.00 | 166.00 | 308.00 | OK | |
r-patched-linux-x86_64 | 0.1.5 | 145.82 | 118.56 | 264.38 | NOTE | |
r-release-linux-x86_64 | 0.1.5 | 143.30 | 119.91 | 263.21 | NOTE | |
r-release-macos-arm64 | 0.1.5 | 125.00 | NOTE | |||
r-release-macos-x86_64 | 0.1.5 | 207.00 | NOTE | |||
r-release-windows-x86_64 | 0.1.5 | 142.00 | 166.00 | 308.00 | OK | |
r-oldrel-macos-arm64 | 0.1.5 | 127.00 | NOTE | |||
r-oldrel-macos-x86_64 | 0.1.5 | 245.00 | NOTE | |||
r-oldrel-windows-x86_64 | 0.1.5 | 162.00 | 200.00 | 362.00 | OK |
Version: 0.1.5
Check: package dependencies
Result: NOTE
Package suggested but not available for checking: ‘SurvMetrics’
Flavors: r-patched-linux-x86_64, r-release-linux-x86_64
Version: 0.1.5
Check: installed package size
Result: NOTE
installed size is 10.4Mb
sub-directories of 1Mb or more:
libs 8.9Mb
Flavors: r-release-macos-arm64, r-release-macos-x86_64, r-oldrel-macos-arm64, r-oldrel-macos-x86_64