Last updated on 2024-03-28 14:48:22 CET.
Flavor | Version | Tinstall | Tcheck | Ttotal | Status | Flags |
---|---|---|---|---|---|---|
r-devel-linux-x86_64-debian-clang | 1.3.5 | 58.32 | 114.01 | 172.33 | NOTE | |
r-devel-linux-x86_64-debian-gcc | 1.3.5 | 46.23 | 83.00 | 129.23 | NOTE | |
r-devel-linux-x86_64-fedora-clang | 1.3.5 | 236.32 | NOTE | |||
r-devel-linux-x86_64-fedora-gcc | 1.3.5 | 242.02 | NOTE | |||
r-devel-windows-x86_64 | 1.3.5 | 45.00 | 117.00 | 162.00 | NOTE | |
r-patched-linux-x86_64 | 1.3.5 | 59.40 | 108.98 | 168.38 | NOTE | |
r-release-linux-x86_64 | 1.3.5 | 55.93 | 105.18 | 161.11 | NOTE | |
r-release-macos-arm64 | 1.3.5 | 63.00 | NOTE | |||
r-release-macos-x86_64 | 1.3.5 | 112.00 | NOTE | |||
r-release-windows-x86_64 | 1.3.5 | 53.00 | 134.00 | 187.00 | NOTE | |
r-oldrel-macos-arm64 | 1.3.5 | 67.00 | OK | |||
r-oldrel-windows-x86_64 | 1.3.5 | 56.00 | 134.00 | 190.00 | OK |
Version: 1.3.5
Check: C++ specification
Result: NOTE
Specified C++11: please drop specification unless essential
Flavors: r-devel-linux-x86_64-debian-clang, r-devel-linux-x86_64-debian-gcc, r-devel-linux-x86_64-fedora-clang, r-devel-linux-x86_64-fedora-gcc, r-devel-windows-x86_64, r-patched-linux-x86_64, r-release-linux-x86_64, r-release-macos-arm64, r-release-macos-x86_64, r-release-windows-x86_64