Last updated on 2025-01-19 05:49:03 CET.
Flavor | Version | Tinstall | Tcheck | Ttotal | Status | Flags |
---|---|---|---|---|---|---|
r-devel-linux-x86_64-debian-clang | 0.3-4 | 46.62 | 166.85 | 213.47 | NOTE | |
r-devel-linux-x86_64-debian-gcc | 0.3-4 | 35.41 | 107.33 | 142.74 | NOTE | |
r-devel-linux-x86_64-fedora-clang | 0.3-4 | 372.06 | NOTE | |||
r-devel-linux-x86_64-fedora-gcc | 0.3-4 | 369.01 | NOTE | |||
r-devel-windows-x86_64 | 0.3-4 | 49.00 | 182.00 | 231.00 | OK | |
r-patched-linux-x86_64 | 0.3-4 | 48.83 | 156.97 | 205.80 | OK | |
r-release-linux-x86_64 | 0.3-4 | 46.81 | 156.65 | 203.46 | OK | |
r-release-macos-arm64 | 0.3-4 | 95.00 | OK | |||
r-release-macos-x86_64 | 0.3-4 | 217.00 | OK | |||
r-release-windows-x86_64 | 0.3-4 | 48.00 | 178.00 | 226.00 | OK | |
r-oldrel-macos-arm64 | 0.3-4 | 86.00 | OK | |||
r-oldrel-macos-x86_64 | 0.3-4 | 205.00 | OK | |||
r-oldrel-windows-x86_64 | 0.3-4 | 58.00 | 236.00 | 294.00 | OK |
Version: 0.3-4
Check: top-level files
Result: NOTE
possible bashism in configure.ac line 32 (should be 'b = a'):
if test x"${RSysinfoName}" == x"Darwin"; then
possible bashism in configure.ac line 43 (should be 'b = a'):
if test x"${hasOpenMP}" == x""; then
Flavors: r-devel-linux-x86_64-debian-clang, r-devel-linux-x86_64-debian-gcc, r-devel-linux-x86_64-fedora-clang, r-devel-linux-x86_64-fedora-gcc