Last updated on 2025-01-19 05:49:03 CET.
Flavor | Version | Tinstall | Tcheck | Ttotal | Status | Flags |
---|---|---|---|---|---|---|
r-devel-linux-x86_64-debian-clang | 0.2 | 3.45 | 62.97 | 66.42 | NOTE | |
r-devel-linux-x86_64-debian-gcc | 0.2 | 2.58 | 45.33 | 47.91 | NOTE | |
r-devel-linux-x86_64-fedora-clang | 0.2 | 111.07 | NOTE | |||
r-devel-linux-x86_64-fedora-gcc | 0.2 | 115.11 | NOTE | |||
r-devel-windows-x86_64 | 0.2 | 8.00 | 88.00 | 96.00 | NOTE | |
r-patched-linux-x86_64 | 0.2 | 4.07 | 57.75 | 61.82 | NOTE | |
r-release-linux-x86_64 | 0.2 | 3.05 | 60.27 | 63.32 | NOTE | |
r-release-macos-arm64 | 0.2 | 37.00 | NOTE | |||
r-release-macos-x86_64 | 0.2 | 59.00 | NOTE | |||
r-release-windows-x86_64 | 0.2 | 8.00 | 86.00 | 94.00 | NOTE | |
r-oldrel-macos-arm64 | 0.2 | 56.00 | OK | |||
r-oldrel-macos-x86_64 | 0.2 | 110.00 | OK | |||
r-oldrel-windows-x86_64 | 0.2 | 8.00 | 98.00 | 106.00 | OK |
Version: 0.2
Check: Rd files
Result: NOTE
checkRd: (-1) predict_adjust.Rd:77: Lost braces in \itemize; \value handles \item{}{} directly
checkRd: (-1) predict_adjust.Rd:78: Lost braces in \itemize; \value handles \item{}{} directly
checkRd: (-1) predict_adjust.Rd:79: Lost braces in \itemize; \value handles \item{}{} directly
checkRd: (-1) predict_adjust.Rd:80: Lost braces in \itemize; \value handles \item{}{} directly
checkRd: (-1) print.predict_adjust.Rd:32: Lost braces in \itemize; \value handles \item{}{} directly
checkRd: (-1) print.predict_adjust.Rd:33: Lost braces in \itemize; \value handles \item{}{} directly
checkRd: (-1) print.predict_adjust.Rd:34: Lost braces in \itemize; \value handles \item{}{} directly
checkRd: (-1) print.predict_adjust.Rd:35: Lost braces in \itemize; \value handles \item{}{} directly
Flavors: r-devel-linux-x86_64-debian-clang, r-devel-linux-x86_64-debian-gcc, r-devel-linux-x86_64-fedora-clang, r-devel-linux-x86_64-fedora-gcc, r-devel-windows-x86_64, r-patched-linux-x86_64, r-release-linux-x86_64, r-release-macos-arm64, r-release-macos-x86_64, r-release-windows-x86_64