CRAN Package Check Results for Package aplore3

Last updated on 2025-01-19 05:49:03 CET.

Flavor Version Tinstall Tcheck Ttotal Status Flags
r-devel-linux-x86_64-debian-clang 0.9 1.81 31.94 33.75 OK
r-devel-linux-x86_64-debian-gcc 0.9 1.55 24.53 26.08 OK
r-devel-linux-x86_64-fedora-clang 0.9 57.23 OK
r-devel-linux-x86_64-fedora-gcc 0.9 66.83 OK
r-devel-windows-x86_64 0.9 4.00 67.00 71.00 OK
r-patched-linux-x86_64 0.9 1.78 30.75 32.53 OK
r-release-linux-x86_64 0.9 1.53 31.08 32.61 OK
r-release-macos-arm64 0.9 26.00 OK
r-release-macos-x86_64 0.9 40.00 WARN
r-release-windows-x86_64 0.9 3.00 70.00 73.00 OK
r-oldrel-macos-arm64 0.9 28.00 OK
r-oldrel-macos-x86_64 0.9 40.00 OK
r-oldrel-windows-x86_64 0.9 4.00 68.00 72.00 OK

Check Details

Version: 0.9
Check: re-building of vignette outputs
Result: WARN Error(s) in re-building vignettes: ... --- re-building ‘aplore3-examples.Rnw’ using knitr Error: processing vignette 'aplore3-examples.Rnw' failed with diagnostics: Running 'texi2dvi' on 'aplore3-examples.tex' failed. LaTeX errors: ! Undefined control sequence. l.79 \hlkwd{example}\hldef {(aps)} ? ! Emergency stop. ! Emergency stop. l.79 End of file on the terminal! ! ==> Fatal error occurred, no output PDF file produced! --- failed re-building ‘aplore3-examples.Rnw’ SUMMARY: processing the following file failed: ‘aplore3-examples.Rnw’ Error: Vignette re-building failed. Execution halted Flavor: r-release-macos-x86_64