Last updated on 2024-04-21 12:53:48 CEST.
Flavor | Version | Tinstall | Tcheck | Ttotal | Status | Flags |
---|---|---|---|---|---|---|
r-devel-linux-x86_64-debian-clang | 1.3.5 | 29.95 | 150.95 | 180.90 | NOTE | |
r-devel-linux-x86_64-debian-gcc | 1.3.5 | 22.11 | 105.20 | 127.31 | NOTE | |
r-devel-linux-x86_64-fedora-clang | 1.3.5 | 224.20 | NOTE | |||
r-devel-linux-x86_64-fedora-gcc | 1.3.5 | 224.57 | NOTE | |||
r-prerel-macos-arm64 | 1.3.5 | 94.00 | NOTE | |||
r-prerel-windows-x86_64 | 1.3.5 | 16.00 | 109.00 | 125.00 | NOTE | |
r-patched-linux-x86_64 | 1.3.5 | 30.39 | 144.81 | 175.20 | NOTE | |
r-release-linux-x86_64 | 1.3.5 | 25.44 | 124.87 | 150.31 | OK | |
r-release-macos-arm64 | 1.3.5 | 58.00 | OK | |||
r-release-macos-x86_64 | 1.3.5 | 98.00 | OK | |||
r-release-windows-x86_64 | 1.3.5 | 18.00 | 120.00 | 138.00 | OK | |
r-oldrel-macos-arm64 | 1.3.5 | 93.00 | OK | |||
r-oldrel-windows-x86_64 | 1.3.5 | 43.00 | 151.00 | 194.00 | OK |
Version: 1.3.5
Check: Rd files
Result: NOTE
checkRd: (-1) iconplot.Rd:172: Lost braces
172 | the height of the area containing the panels and a margin of size code{100 * 0.1}
| ^
Flavors: r-devel-linux-x86_64-debian-clang, r-devel-linux-x86_64-debian-gcc, r-devel-linux-x86_64-fedora-clang, r-devel-linux-x86_64-fedora-gcc, r-prerel-macos-arm64, r-prerel-windows-x86_64, r-patched-linux-x86_64