Last updated on 2025-01-19 05:49:03 CET.
Flavor | Version | Tinstall | Tcheck | Ttotal | Status | Flags |
---|---|---|---|---|---|---|
r-devel-linux-x86_64-debian-clang | 1.2 | 93.72 | 57.63 | 151.35 | OK | |
r-devel-linux-x86_64-debian-gcc | 1.2 | 70.57 | 45.07 | 115.64 | OK | |
r-devel-linux-x86_64-fedora-clang | 1.2 | 276.20 | OK | |||
r-devel-linux-x86_64-fedora-gcc | 1.2 | 320.49 | OK | |||
r-devel-windows-x86_64 | 1.2 | 92.00 | 118.00 | 210.00 | OK | |
r-patched-linux-x86_64 | 1.2 | 98.58 | 59.64 | 158.22 | OK | |
r-release-linux-x86_64 | 1.2 | 95.90 | 59.53 | 155.43 | OK | |
r-release-macos-arm64 | 1.2 | 77.00 | NOTE | |||
r-release-macos-x86_64 | 1.2 | 181.00 | NOTE | |||
r-release-windows-x86_64 | 1.2 | 95.00 | 114.00 | 209.00 | OK | |
r-oldrel-macos-arm64 | 1.2 | 83.00 | NOTE | |||
r-oldrel-macos-x86_64 | 1.2 | 125.00 | NOTE | |||
r-oldrel-windows-x86_64 | 1.2 | 105.00 | 130.00 | 235.00 | OK |
Version: 1.2
Check: installed package size
Result: NOTE
installed size is 22.1Mb
sub-directories of 1Mb or more:
libs 21.7Mb
Flavors: r-release-macos-arm64, r-release-macos-x86_64, r-oldrel-macos-arm64, r-oldrel-macos-x86_64