Last updated on 2025-01-19 05:49:03 CET.
Flavor | Version | Tinstall | Tcheck | Ttotal | Status | Flags |
---|---|---|---|---|---|---|
r-devel-linux-x86_64-debian-clang | 2.1.0 | 26.04 | 443.16 | 469.20 | OK | |
r-devel-linux-x86_64-debian-gcc | 2.1.0 | 14.22 | 264.86 | 279.08 | OK | |
r-devel-linux-x86_64-fedora-clang | 2.1.0 | 692.66 | OK | |||
r-devel-linux-x86_64-fedora-gcc | 2.1.0 | 434.46 | OK | |||
r-devel-windows-x86_64 | 2.1.0 | 30.00 | 350.00 | 380.00 | OK | |
r-patched-linux-x86_64 | 2.1.0 | 27.34 | 356.96 | 384.30 | OK | |
r-release-linux-x86_64 | 2.1.0 | 25.12 | 356.67 | 381.79 | OK | |
r-release-macos-arm64 | 2.1.0 | 166.00 | NOTE | |||
r-release-macos-x86_64 | 2.1.0 | 328.00 | NOTE | |||
r-release-windows-x86_64 | 2.1.0 | 25.00 | 345.00 | 370.00 | NOTE | |
r-oldrel-macos-arm64 | 2.1.0 | 164.00 | NOTE | |||
r-oldrel-macos-x86_64 | 2.1.0 | 303.00 | NOTE | |||
r-oldrel-windows-x86_64 | 2.1.0 | 32.00 | 442.00 | 474.00 | NOTE |
Version: 2.1.0
Check: installed package size
Result: NOTE
installed size is 6.9Mb
sub-directories of 1Mb or more:
R 2.0Mb
data 2.1Mb
doc 1.8Mb
Flavors: r-release-macos-arm64, r-release-macos-x86_64, r-release-windows-x86_64, r-oldrel-macos-arm64, r-oldrel-macos-x86_64, r-oldrel-windows-x86_64