Last updated on 2025-01-19 05:49:03 CET.
Flavor | Version | Tinstall | Tcheck | Ttotal | Status | Flags |
---|---|---|---|---|---|---|
r-devel-linux-x86_64-debian-clang | 0.1.1 | 343.56 | 20.75 | 364.31 | OK | |
r-devel-linux-x86_64-debian-gcc | 0.1.1 | 281.73 | 16.77 | 298.50 | OK | |
r-devel-linux-x86_64-fedora-clang | 0.1.1 | 440.92 | OK | |||
r-devel-linux-x86_64-fedora-gcc | 0.1.1 | 247.87 | OK | |||
r-devel-windows-x86_64 | 0.1.1 | 365.00 | 76.00 | 441.00 | OK | |
r-patched-linux-x86_64 | 0.1.1 | 349.57 | 19.93 | 369.50 | OK | |
r-release-macos-arm64 | 0.1.1 | 155.00 | NOTE | |||
r-release-macos-x86_64 | 0.1.1 | 222.00 | NOTE | |||
r-release-windows-x86_64 | 0.1.1 | 325.00 | 80.00 | 405.00 | OK | |
r-oldrel-macos-arm64 | 0.1.1 | 165.00 | NOTE | |||
r-oldrel-macos-x86_64 | 0.1.1 | 265.00 | NOTE | |||
r-oldrel-windows-x86_64 | 0.1.1 | 287.00 | 71.00 | 358.00 | OK |
Version: 0.1.1
Check: installed package size
Result: NOTE
installed size is 5.2Mb
sub-directories of 1Mb or more:
libs 5.0Mb
Flavors: r-release-macos-arm64, r-release-macos-x86_64, r-oldrel-macos-arm64, r-oldrel-macos-x86_64