Last updated on 2025-01-19 05:49:03 CET.
Flavor | Version | Tinstall | Tcheck | Ttotal | Status | Flags |
---|---|---|---|---|---|---|
r-devel-linux-x86_64-debian-clang | 0.3.1 | 104.30 | 32.56 | 136.86 | OK | |
r-devel-linux-x86_64-debian-gcc | 0.3.1 | 87.14 | 24.41 | 111.55 | OK | |
r-devel-linux-x86_64-fedora-clang | 0.3.1 | 186.10 | OK | |||
r-devel-linux-x86_64-fedora-gcc | 0.3.1 | 104.78 | OK | |||
r-devel-windows-x86_64 | 0.3.1 | 129.00 | 64.00 | 193.00 | OK | |
r-patched-linux-x86_64 | 0.3.1 | 109.85 | 30.81 | 140.66 | NOTE | |
r-release-linux-x86_64 | 0.3.1 | 105.64 | 30.97 | 136.61 | NOTE | |
r-release-macos-arm64 | 0.3.1 | 70.00 | NOTE | |||
r-release-macos-x86_64 | 0.3.1 | 111.00 | NOTE | |||
r-release-windows-x86_64 | 0.3.1 | 124.00 | 65.00 | 189.00 | NOTE | |
r-oldrel-macos-arm64 | 0.3.1 | 73.00 | NOTE | |||
r-oldrel-macos-x86_64 | 0.3.1 | 116.00 | NOTE | |||
r-oldrel-windows-x86_64 | 0.3.1 | 141.00 | 72.00 | 213.00 | NOTE |
Version: 0.3.1
Check: package dependencies
Result: NOTE
Package suggested but not available for checking: ‘arcgisbinding’
Flavors: r-patched-linux-x86_64, r-release-linux-x86_64, r-release-macos-arm64, r-release-macos-x86_64, r-release-windows-x86_64, r-oldrel-macos-arm64, r-oldrel-macos-x86_64, r-oldrel-windows-x86_64