Last updated on 2024-03-29 15:54:31 CET.
Flavor | Version | Tinstall | Tcheck | Ttotal | Status | Flags |
---|---|---|---|---|---|---|
r-devel-linux-x86_64-debian-clang | 1.3.0 | 16.87 | 254.12 | 270.99 | NOTE | |
r-devel-linux-x86_64-debian-gcc | 1.3.0 | 12.68 | 177.96 | 190.64 | NOTE | |
r-devel-linux-x86_64-fedora-clang | 1.3.0 | 333.08 | NOTE | |||
r-devel-linux-x86_64-fedora-gcc | 1.3.0 | 326.79 | NOTE | |||
r-devel-windows-x86_64 | 1.3.0 | 13.00 | 153.00 | 166.00 | NOTE | |
r-patched-linux-x86_64 | 1.3.0 | 18.70 | 242.76 | 261.46 | NOTE | |
r-release-linux-x86_64 | 1.3.0 | 15.83 | 214.94 | 230.77 | OK | |
r-release-macos-arm64 | 1.3.0 | 86.00 | OK | |||
r-release-macos-x86_64 | 1.3.0 | 173.00 | OK | |||
r-release-windows-x86_64 | 1.3.0 | 17.00 | 197.00 | 214.00 | OK | |
r-oldrel-macos-arm64 | 1.3.0 | 142.00 | OK | |||
r-oldrel-windows-x86_64 | 1.3.0 | 18.00 | 203.00 | 221.00 | OK |
Version: 1.3.0
Check: Rd files
Result: NOTE
checkRd: (-1) find_closer_points.Rd:41: Lost braces
41 | \item rows_closer_matrix, a matrix with ]code{npoints} rows which are closer to each archetype
| ^
Flavors: r-devel-linux-x86_64-debian-clang, r-devel-linux-x86_64-debian-gcc, r-devel-linux-x86_64-fedora-clang, r-devel-linux-x86_64-fedora-gcc, r-devel-windows-x86_64, r-patched-linux-x86_64