CRAN Package Check Results for Package ari

Last updated on 2025-01-19 05:49:03 CET.

Flavor Version Tinstall Tcheck Ttotal Status Flags
r-devel-linux-x86_64-debian-clang 0.3.5 7.19 63.86 71.05 OK
r-devel-linux-x86_64-debian-gcc 0.3.5 5.08 46.17 51.25 OK
r-devel-linux-x86_64-fedora-clang 0.3.5 113.98 OK
r-devel-linux-x86_64-fedora-gcc 0.3.5 118.06 OK
r-devel-windows-x86_64 0.3.5 9.00 75.00 84.00 OK
r-patched-linux-x86_64 0.3.5 7.06 59.55 66.61 NOTE
r-release-linux-x86_64 0.3.5 6.17 59.89 66.06 NOTE
r-release-macos-arm64 0.3.5 40.00 NOTE
r-release-macos-x86_64 0.3.5 70.00 NOTE
r-release-windows-x86_64 0.3.5 10.00 75.00 85.00 NOTE
r-oldrel-macos-arm64 0.3.5 33.00 NOTE
r-oldrel-macos-x86_64 0.3.5 49.00 NOTE
r-oldrel-windows-x86_64 0.3.5 10.00 87.00 97.00 NOTE

Check Details

Version: 0.3.5
Check: LazyData
Result: NOTE 'LazyData' is specified without a 'data' directory Flavors: r-patched-linux-x86_64, r-release-linux-x86_64, r-release-macos-arm64, r-release-macos-x86_64, r-release-windows-x86_64, r-oldrel-macos-arm64, r-oldrel-macos-x86_64, r-oldrel-windows-x86_64