CRAN Package Check Results for Package armspp

Last updated on 2025-01-19 05:49:03 CET.

Flavor Version Tinstall Tcheck Ttotal Status Flags
r-devel-linux-x86_64-debian-clang 0.0.2 18.67 29.36 48.03 NOTE
r-devel-linux-x86_64-debian-gcc 0.0.2 14.17 22.71 36.88 NOTE
r-devel-linux-x86_64-fedora-clang 0.0.2 92.17 NOTE
r-devel-linux-x86_64-fedora-gcc 0.0.2 103.60 NOTE
r-devel-windows-x86_64 0.0.2 23.00 65.00 88.00 NOTE
r-patched-linux-x86_64 0.0.2 19.19 27.51 46.70 NOTE
r-release-linux-x86_64 0.0.2 18.63 27.68 46.31 NOTE
r-release-macos-arm64 0.0.2 33.00 NOTE
r-release-macos-x86_64 0.0.2 59.00 NOTE
r-release-windows-x86_64 0.0.2 22.00 70.00 92.00 NOTE
r-oldrel-macos-arm64 0.0.2 37.00 NOTE
r-oldrel-macos-x86_64 0.0.2 59.00 NOTE
r-oldrel-windows-x86_64 0.0.2 21.00 77.00 98.00 NOTE

Check Details

Version: 0.0.2
Check: C++ specification
Result: NOTE Specified C++11: please drop specification unless essential Flavors: r-devel-linux-x86_64-debian-clang, r-devel-linux-x86_64-debian-gcc, r-devel-linux-x86_64-fedora-clang, r-devel-linux-x86_64-fedora-gcc, r-devel-windows-x86_64, r-patched-linux-x86_64, r-release-linux-x86_64, r-release-macos-arm64, r-release-macos-x86_64, r-release-windows-x86_64, r-oldrel-macos-arm64, r-oldrel-macos-x86_64, r-oldrel-windows-x86_64

Version: 0.0.2
Check: LazyData
Result: NOTE 'LazyData' is specified without a 'data' directory Flavors: r-patched-linux-x86_64, r-release-linux-x86_64, r-release-macos-arm64, r-release-macos-x86_64, r-release-windows-x86_64, r-oldrel-macos-arm64, r-oldrel-macos-x86_64, r-oldrel-windows-x86_64