CRAN Package Check Results for Package aroma.apd

Last updated on 2019-12-10 12:47:54 CET.

Flavor Version Tinstall Tcheck Ttotal Status Flags
r-devel-linux-x86_64-debian-clang 0.6.0 3.14 32.53 35.67 OK
r-devel-linux-x86_64-debian-gcc 0.6.0 2.89 26.11 29.00 OK
r-devel-linux-x86_64-fedora-clang 0.6.0 49.60 OK
r-devel-linux-x86_64-fedora-gcc 0.6.0 43.22 OK
r-devel-windows-ix86+x86_64 0.6.0 9.00 66.00 75.00 OK
r-devel-windows-ix86+x86_64-gcc8 0.6.0 8.00 48.00 56.00 OK
r-patched-linux-x86_64 0.6.0 2.93 30.56 33.49 OK
r-patched-solaris-x86 0.6.0 62.60 OK
r-release-linux-x86_64 0.6.0 2.61 30.39 33.00 OK
r-release-windows-ix86+x86_64 0.6.0 6.00 44.00 50.00 OK
r-release-osx-x86_64 0.6.0 NOTE
r-oldrel-windows-ix86+x86_64 0.6.0 5.00 41.00 46.00 OK
r-oldrel-osx-x86_64 0.6.0 OK

Check Details

Version: 0.6.0
Check: package dependencies
Result: NOTE
    Package suggested but not available for checking: ‘affxparser’
Flavor: r-release-osx-x86_64

Version: 0.6.0
Check: Rd cross-references
Result: NOTE
    Package unavailable to check Rd xrefs: ‘affxparser’
Flavor: r-release-osx-x86_64