CRAN Package Check Results for Package aroma.apd

Last updated on 2020-07-06 12:48:19 CEST.

Flavor Version Tinstall Tcheck Ttotal Status Flags
r-devel-linux-x86_64-debian-clang 0.6.0 3.86 33.36 37.22 OK
r-devel-linux-x86_64-debian-gcc 0.6.0 2.85 26.74 29.59 OK
r-devel-linux-x86_64-fedora-clang 0.6.0 52.83 OK
r-devel-linux-x86_64-fedora-gcc 0.6.0 44.24 OK
r-devel-windows-ix86+x86_64 0.6.0 17.00 65.00 82.00 OK
r-patched-linux-x86_64 0.6.0 3.53 33.49 37.02 OK
r-patched-solaris-x86 0.6.0 67.20 OK
r-release-linux-x86_64 0.6.0 3.92 33.62 37.54 OK
r-release-osx-x86_64 0.6.0 OK
r-release-windows-ix86+x86_64 0.6.0 8.00 48.00 56.00 OK
r-oldrel-osx-x86_64 0.6.0 NOTE
r-oldrel-windows-ix86+x86_64 0.6.0 7.00 65.00 72.00 OK

Check Details

Version: 0.6.0
Check: package dependencies
Result: NOTE
    Package suggested but not available for checking: ‘affxparser’
Flavor: r-oldrel-osx-x86_64

Version: 0.6.0
Check: Rd cross-references
Result: NOTE
    Package unavailable to check Rd xrefs: ‘affxparser’
Flavor: r-oldrel-osx-x86_64