Last updated on 2025-01-19 05:49:03 CET.
Flavor | Version | Tinstall | Tcheck | Ttotal | Status | Flags |
---|---|---|---|---|---|---|
r-devel-linux-x86_64-debian-clang | 1.7.1 | 11.23 | 70.39 | 81.62 | OK | |
r-devel-linux-x86_64-debian-gcc | 1.7.1 | 7.08 | 45.42 | 52.50 | OK | |
r-devel-linux-x86_64-fedora-clang | 1.7.1 | 134.91 | OK | |||
r-devel-linux-x86_64-fedora-gcc | 1.7.1 | 127.37 | OK | |||
r-devel-windows-x86_64 | 1.7.1 | 13.00 | 84.00 | 97.00 | OK | |
r-patched-linux-x86_64 | 1.7.1 | 11.70 | 66.36 | 78.06 | OK | |
r-release-linux-x86_64 | 1.7.1 | 11.75 | 65.64 | 77.39 | OK | |
r-release-macos-arm64 | 1.7.1 | 35.00 | OK | |||
r-release-macos-x86_64 | 1.7.1 | 76.00 | OK | |||
r-release-windows-x86_64 | 1.7.1 | 12.00 | 88.00 | 100.00 | OK | |
r-oldrel-macos-arm64 | 1.7.1 | 40.00 | NOTE | |||
r-oldrel-macos-x86_64 | 1.7.1 | 75.00 | NOTE | |||
r-oldrel-windows-x86_64 | 1.7.1 | 14.00 | 97.00 | 111.00 | OK |
Version: 1.7.1
Check: package dependencies
Result: NOTE
Package suggested but not available for checking: ‘GLAD’
Flavors: r-oldrel-macos-arm64, r-oldrel-macos-x86_64