Last updated on 2024-04-21 12:53:48 CEST.
Flavor | Version | Tinstall | Tcheck | Ttotal | Status | Flags |
---|---|---|---|---|---|---|
r-devel-linux-x86_64-debian-clang | 1.1-0 | 3.44 | 33.03 | 36.47 | NOTE | |
r-devel-linux-x86_64-debian-gcc | 1.1-0 | 2.55 | 25.12 | 27.67 | NOTE | |
r-devel-linux-x86_64-fedora-clang | 1.1-0 | 46.74 | NOTE | |||
r-devel-linux-x86_64-fedora-gcc | 1.1-0 | 44.02 | NOTE | |||
r-prerel-macos-arm64 | 1.1-0 | 19.00 | NOTE | |||
r-prerel-windows-x86_64 | 1.1-0 | 3.00 | 53.00 | 56.00 | NOTE | |
r-patched-linux-x86_64 | 1.1-0 | 3.43 | 31.15 | 34.58 | NOTE | |
r-release-linux-x86_64 | 1.1-0 | 3.35 | 31.58 | 34.93 | NOTE | |
r-release-macos-arm64 | 1.1-0 | 19.00 | NOTE | |||
r-release-macos-x86_64 | 1.1-0 | 26.00 | NOTE | |||
r-release-windows-x86_64 | 1.1-0 | 5.00 | 53.00 | 58.00 | NOTE | |
r-oldrel-macos-arm64 | 1.1-0 | 19.00 | NOTE | |||
r-oldrel-windows-x86_64 | 1.1-0 | 4.00 | 57.00 | 61.00 | NOTE |
Version: 1.1-0
Check: LazyData
Result: NOTE
'LazyData' is specified without a 'data' directory
Flavors: r-devel-linux-x86_64-debian-clang, r-devel-linux-x86_64-debian-gcc, r-devel-linux-x86_64-fedora-clang, r-devel-linux-x86_64-fedora-gcc, r-prerel-macos-arm64, r-prerel-windows-x86_64, r-patched-linux-x86_64, r-release-linux-x86_64, r-release-macos-arm64, r-release-macos-x86_64, r-release-windows-x86_64, r-oldrel-macos-arm64, r-oldrel-windows-x86_64