CRAN Package Check Results for Package arrow

Last updated on 2020-02-28 12:47:18 CET.

Flavor Version Tinstall Tcheck Ttotal Status Flags
r-devel-linux-x86_64-debian-clang 0.16.0.2 258.33 61.49 319.82 OK
r-devel-linux-x86_64-debian-gcc 0.16.0.2 156.17 48.03 204.20 OK
r-devel-windows-ix86+x86_64 0.16.0.2 1068.00 188.00 1256.00 NOTE
r-devel-windows-ix86+x86_64-gcc8 0.16.0.2 959.00 192.00 1151.00 NOTE
r-patched-linux-x86_64 0.16.0.2 185.49 55.12 240.61 OK
r-release-linux-x86_64 0.16.0.2 189.86 55.68 245.54 OK
r-release-windows-ix86+x86_64 0.16.0.2 1087.00 246.00 1333.00 NOTE
r-release-osx-x86_64 0.16.0.2 NOTE
r-oldrel-windows-ix86+x86_64 0.16.0.2 1026.00 176.00 1202.00 NOTE
r-oldrel-osx-x86_64 0.16.0.2 NOTE

Check Details

Version: 0.16.0.2
Check: installed package size
Result: NOTE
     installed size is 27.6Mb
     sub-directories of 1Mb or more:
     R 3.2Mb
     libs 24.1Mb
Flavors: r-devel-windows-ix86+x86_64, r-devel-windows-ix86+x86_64-gcc8, r-release-windows-ix86+x86_64, r-release-osx-x86_64, r-oldrel-windows-ix86+x86_64, r-oldrel-osx-x86_64