CRAN Package Check Results for Package arrow

Last updated on 2019-10-14 12:47:49 CEST.

Flavor Version Tinstall Tcheck Ttotal Status Flags
r-devel-linux-x86_64-debian-clang 0.15.0 221.04 42.78 263.82 OK
r-devel-linux-x86_64-debian-gcc 0.15.0 138.47 34.57 173.04 OK
r-devel-linux-x86_64-fedora-clang 0.15.0 368.93 OK
r-devel-linux-x86_64-fedora-gcc 0.15.0 323.38 OK
r-devel-windows-ix86+x86_64 0.15.0 895.00 178.00 1073.00 NOTE
r-patched-linux-x86_64 0.15.0 156.91 42.28 199.19 OK
r-patched-solaris-x86 0.15.0 282.50 OK
r-release-linux-x86_64 0.15.0 154.97 42.30 197.27 OK
r-release-windows-ix86+x86_64 0.15.0 613.00 120.00 733.00 NOTE
r-release-osx-x86_64 0.15.0 NOTE
r-oldrel-windows-ix86+x86_64 0.15.0 639.00 126.00 765.00 NOTE
r-oldrel-osx-x86_64 0.15.0 NOTE

Check Details

Version: 0.15.0
Check: installed package size
Result: NOTE
     installed size is 15.5Mb
     sub-directories of 1Mb or more:
     R 2.4Mb
     libs 12.9Mb
Flavors: r-devel-windows-ix86+x86_64, r-release-windows-ix86+x86_64, r-release-osx-x86_64, r-oldrel-windows-ix86+x86_64, r-oldrel-osx-x86_64