CRAN Package Check Results for Package ascentTraining

Last updated on 2025-01-19 05:49:03 CET.

Flavor Version Tinstall Tcheck Ttotal Status Flags
r-devel-linux-x86_64-debian-clang 1.0.0 4.23 24.95 29.18 NOTE
r-devel-linux-x86_64-debian-gcc 1.0.0 3.59 19.94 23.53 NOTE
r-devel-linux-x86_64-fedora-clang 1.0.0 45.23 NOTE
r-devel-linux-x86_64-fedora-gcc 1.0.0 43.43 NOTE
r-devel-windows-x86_64 1.0.0 7.00 52.00 59.00 NOTE
r-patched-linux-x86_64 1.0.0 4.17 23.83 28.00 NOTE
r-release-linux-x86_64 1.0.0 4.03 23.57 27.60 NOTE
r-release-macos-arm64 1.0.0 18.00 NOTE
r-release-macos-x86_64 1.0.0 28.00 NOTE
r-release-windows-x86_64 1.0.0 7.00 52.00 59.00 NOTE
r-oldrel-macos-arm64 1.0.0 22.00 NOTE
r-oldrel-macos-x86_64 1.0.0 29.00 NOTE
r-oldrel-windows-x86_64 1.0.0 7.00 56.00 63.00 NOTE

Check Details

Version: 1.0.0
Check: Rd files
Result: NOTE checkRd: (-1) breast_cancer_clean_features.Rd:45: Escaped LaTeX specials: \& Flavors: r-devel-linux-x86_64-debian-clang, r-devel-linux-x86_64-debian-gcc, r-devel-linux-x86_64-fedora-clang, r-devel-linux-x86_64-fedora-gcc, r-devel-windows-x86_64, r-patched-linux-x86_64, r-release-linux-x86_64, r-release-macos-arm64, r-release-macos-x86_64, r-release-windows-x86_64, r-oldrel-macos-arm64, r-oldrel-macos-x86_64, r-oldrel-windows-x86_64