CRAN Package Check Results for Package ashr

Last updated on 2020-06-03 12:49:01 CEST.

Flavor Version Tinstall Tcheck Ttotal Status Flags
r-devel-linux-x86_64-debian-clang 2.2-47 31.11 218.18 249.29 OK
r-devel-linux-x86_64-debian-gcc 2.2-47 25.18 138.33 163.51 OK
r-devel-linux-x86_64-fedora-clang 2.2-47 282.77 OK
r-devel-linux-x86_64-fedora-gcc 2.2-47 256.16 OK
r-devel-windows-ix86+x86_64 2.2-47 77.00 367.00 444.00 OK
r-patched-linux-x86_64 2.2-47 28.43 186.70 215.13 OK
r-patched-solaris-x86 2.2-47 359.60 NOTE
r-release-linux-x86_64 2.2-47 24.40 192.36 216.76 OK
r-release-osx-x86_64 2.2-47 OK
r-release-windows-ix86+x86_64 2.2-47 54.00 316.00 370.00 OK
r-oldrel-osx-x86_64 2.2-47 OK
r-oldrel-windows-ix86+x86_64 2.2-47 55.00 349.00 404.00 NOTE

Check Details

Version: 2.2-47
Check: package dependencies
Result: NOTE
    Package suggested but not available for checking: ‘REBayes’
Flavors: r-patched-solaris-x86, r-oldrel-windows-ix86+x86_64