Last updated on 2024-05-01 16:52:47 CEST.
Flavor | Version | Tinstall | Tcheck | Ttotal | Status | Flags |
---|---|---|---|---|---|---|
r-devel-linux-x86_64-debian-clang | 1.0.0 | 305.83 | 139.10 | 444.93 | OK | |
r-devel-linux-x86_64-debian-gcc | 1.0.0 | 224.26 | 118.44 | 342.70 | OK | |
r-devel-linux-x86_64-fedora-clang | 1.0.0 | 733.02 | OK | |||
r-devel-linux-x86_64-fedora-gcc | 1.0.0 | 732.88 | OK | |||
r-devel-windows-x86_64 | 1.0.0 | 263.00 | 138.00 | 401.00 | OK | |
r-patched-linux-x86_64 | 1.0.0 | 296.66 | 148.77 | 445.43 | OK | |
r-release-linux-x86_64 | 1.0.0 | 277.19 | 147.77 | 424.96 | OK | |
r-release-macos-arm64 | 1.0.0 | 129.00 | NOTE | |||
r-release-windows-x86_64 | 1.0.0 | 260.00 | 138.00 | 398.00 | OK | |
r-oldrel-macos-arm64 | 1.0.0 | 96.00 | NOTE | |||
r-oldrel-macos-x86_64 | 1.0.0 | 170.00 | NOTE | |||
r-oldrel-windows-x86_64 | 1.0.0 | 287.00 | 168.00 | 455.00 | OK |
Version: 1.0.0
Check: installed package size
Result: NOTE
installed size is 10.8Mb
sub-directories of 1Mb or more:
data 1.1Mb
libs 8.5Mb
Flavors: r-release-macos-arm64, r-oldrel-macos-arm64, r-oldrel-macos-x86_64