Last updated on 2025-01-19 05:49:04 CET.
Flavor | Version | Tinstall | Tcheck | Ttotal | Status | Flags |
---|---|---|---|---|---|---|
r-devel-linux-x86_64-debian-clang | 4.4.43 | 26.45 | 212.13 | 238.58 | OK | |
r-devel-linux-x86_64-debian-gcc | 4.4.43 | 15.75 | 139.00 | 154.75 | OK | |
r-devel-linux-x86_64-fedora-clang | 4.4.43 | 399.32 | OK | |||
r-devel-linux-x86_64-fedora-gcc | 4.4.43 | 379.44 | OK | |||
r-devel-windows-x86_64 | 4.4.43 | 29.00 | 236.00 | 265.00 | OK | |
r-patched-linux-x86_64 | 4.4.43 | 29.40 | 197.58 | 226.98 | NOTE | |
r-release-linux-x86_64 | 4.4.43 | 25.53 | 196.87 | 222.40 | NOTE | |
r-release-macos-arm64 | 4.4.43 | 77.00 | NOTE | |||
r-release-macos-x86_64 | 4.4.43 | 120.00 | NOTE | |||
r-release-windows-x86_64 | 4.4.43 | 27.00 | 233.00 | 260.00 | NOTE | |
r-oldrel-macos-arm64 | 4.4.43 | 91.00 | NOTE | |||
r-oldrel-macos-x86_64 | 4.4.43 | 132.00 | NOTE | |||
r-oldrel-windows-x86_64 | 4.4.43 | 28.00 | 291.00 | 319.00 | NOTE |
Version: 4.4.43
Check: package dependencies
Result: NOTE
Package which this enhances but not available for checking: ‘asreml’
Flavors: r-patched-linux-x86_64, r-release-linux-x86_64, r-release-macos-arm64, r-release-macos-x86_64, r-release-windows-x86_64, r-oldrel-macos-arm64, r-oldrel-macos-x86_64, r-oldrel-windows-x86_64