CRAN Package Check Results for Package aster

Last updated on 2018-01-20 12:46:36 CET.

Flavor Version Tinstall Tcheck Ttotal Status Flags
r-devel-linux-x86_64-debian-clang 0.9.1 9.12 166.09 175.21 NOTE
r-devel-linux-x86_64-debian-gcc 0.9.1 6.45 126.68 133.13 NOTE
r-devel-linux-x86_64-fedora-clang 0.9.1 210.82 NOTE
r-devel-linux-x86_64-fedora-gcc 0.9.1 207.05 NOTE
r-devel-windows-ix86+x86_64 0.9.1 32.00 231.00 263.00 NOTE
r-patched-linux-x86_64 0.9.1 7.67 158.21 165.88 OK
r-patched-solaris-x86 0.9.1 283.80 OK
r-release-linux-x86_64 0.9.1 7.02 156.99 164.01 OK
r-release-windows-ix86+x86_64 0.9.1 32.00 225.00 257.00 OK
r-release-osx-x86_64 0.9.1 OK
r-oldrel-windows-ix86+x86_64 0.9.1 46.00 280.00 326.00 OK
r-oldrel-osx-x86_64 0.9.1 OK

Check Details

Version: 0.9.1
Check: pragmas in C/C++ headers and code
Result: NOTE
    File which contains pragma(s) suppressing diagnostics:
     ‘src/mlogl.c’
Flavors: r-devel-linux-x86_64-debian-clang, r-devel-linux-x86_64-debian-gcc, r-devel-linux-x86_64-fedora-clang, r-devel-linux-x86_64-fedora-gcc, r-devel-windows-ix86+x86_64