CRAN Package Check Results for Package asymmetry

Last updated on 2020-06-03 12:49:01 CEST.

Flavor Version Tinstall Tcheck Ttotal Status Flags
r-devel-linux-x86_64-debian-clang 2.0.2 13.84 110.95 124.79 OK
r-devel-linux-x86_64-debian-gcc 2.0.2 10.11 85.23 95.34 OK
r-devel-linux-x86_64-fedora-clang 2.0.2 157.98 OK
r-devel-linux-x86_64-fedora-gcc 2.0.2 149.49 OK
r-devel-windows-ix86+x86_64 2.0.2 68.00 160.00 228.00 OK
r-patched-linux-x86_64 2.0.2 11.58 108.46 120.04 OK
r-patched-solaris-x86 2.0.2 234.90 OK
r-release-linux-x86_64 2.0.2 11.94 107.95 119.89 OK
r-release-osx-x86_64 2.0.2 WARN
r-release-windows-ix86+x86_64 2.0.2 39.00 140.00 179.00 OK
r-oldrel-osx-x86_64 2.0.2 OK
r-oldrel-windows-ix86+x86_64 2.0.2 35.00 131.00 166.00 OK

Check Details

Version: 2.0.2
Check: re-building of vignette outputs
Result: WARN
    Error(s) in re-building vignettes:
     ...
    --- re-building ‘asymmetry.Rmd’ using rmarkdown
    dyld: lazy symbol binding failed: Symbol not found: ____chkstk_darwin
     Referenced from: /usr/local/bin/pandoc (which was built for Mac OS X 10.15)
     Expected in: /usr/lib/libSystem.B.dylib
    
    dyld: Symbol not found: ____chkstk_darwin
     Referenced from: /usr/local/bin/pandoc (which was built for Mac OS X 10.15)
     Expected in: /usr/lib/libSystem.B.dylib
    
    Error: processing vignette 'asymmetry.Rmd' failed with diagnostics:
    pandoc document conversion failed with error 6
    --- failed re-building ‘asymmetry.Rmd’
    
    SUMMARY: processing the following file failed:
     ‘asymmetry.Rmd’
    
    Error: Vignette re-building failed.
    Execution halted
Flavor: r-release-osx-x86_64