CRAN Package Check Results for Package autoBagging

Last updated on 2025-01-19 05:49:04 CET.

Flavor Version Tinstall Tcheck Ttotal Status Flags
r-devel-linux-x86_64-debian-clang 0.1.0 13.36 86.04 99.40 OK
r-devel-linux-x86_64-debian-gcc 0.1.0 9.15 62.29 71.44 OK
r-devel-linux-x86_64-fedora-clang 0.1.0 161.24 NOTE
r-devel-linux-x86_64-fedora-gcc 0.1.0 151.40 NOTE
r-devel-windows-x86_64 0.1.0 15.00 100.00 115.00 OK
r-patched-linux-x86_64 0.1.0 13.81 79.61 93.42 OK
r-release-linux-x86_64 0.1.0 13.99 80.36 94.35 OK
r-release-macos-arm64 0.1.0 47.00 OK
r-release-macos-x86_64 0.1.0 73.00 OK
r-release-windows-x86_64 0.1.0 14.00 102.00 116.00 OK
r-oldrel-macos-arm64 0.1.0 49.00 OK
r-oldrel-macos-x86_64 0.1.0 79.00 OK
r-oldrel-windows-x86_64 0.1.0 18.00 122.00 140.00 OK

Check Details

Version: 0.1.0
Check: dependencies in R code
Result: NOTE Namespace in Imports field not imported from: ‘abind’ All declared Imports should be used. Flavors: r-devel-linux-x86_64-fedora-clang, r-devel-linux-x86_64-fedora-gcc