CRAN Package Check Results for Package autoEnsemble

Last updated on 2025-01-19 05:49:04 CET.

Flavor Version Tinstall Tcheck Ttotal Status Flags
r-devel-linux-x86_64-debian-clang 0.2 0.34 1.79 2.13 ERROR
r-devel-linux-x86_64-debian-gcc 0.2 2.62 22.81 25.43 OK
r-devel-linux-x86_64-fedora-clang 0.2 50.99 OK
r-devel-linux-x86_64-fedora-gcc 0.2 48.93 OK
r-devel-windows-x86_64 0.2 4.00 48.00 52.00 OK
r-patched-linux-x86_64 0.2 0.34 1.59 1.93 ERROR
r-release-linux-x86_64 0.2 0.23 1.57 1.80 ERROR
r-release-macos-arm64 0.2 18.00 OK
r-release-macos-x86_64 0.2 28.00 OK
r-release-windows-x86_64 0.2 4.00 51.00 55.00 OK
r-oldrel-macos-arm64 0.2 20.00 OK
r-oldrel-macos-x86_64 0.2 47.00 OK
r-oldrel-windows-x86_64 0.2 6.00 53.00 59.00 OK

Check Details

Version: 0.2
Check: package dependencies
Result: ERROR Packages required but not available: 'h2o', 'h2otools' See section ‘The DESCRIPTION file’ in the ‘Writing R Extensions’ manual. Flavors: r-devel-linux-x86_64-debian-clang, r-patched-linux-x86_64, r-release-linux-x86_64