CRAN Package Check Results for Package autoFRK

Last updated on 2025-01-19 05:49:04 CET.

Flavor Version Tinstall Tcheck Ttotal Status Flags
r-devel-linux-x86_64-debian-clang 1.4.3 62.72 98.96 161.68 NOTE
r-devel-linux-x86_64-debian-gcc 1.4.3 47.30 74.57 121.87 NOTE
r-devel-linux-x86_64-fedora-clang 1.4.3 256.58 NOTE
r-devel-linux-x86_64-fedora-gcc 1.4.3 277.72 NOTE
r-devel-windows-x86_64 1.4.3 56.00 125.00 181.00 NOTE
r-patched-linux-x86_64 1.4.3 69.56 95.62 165.18 NOTE
r-release-linux-x86_64 1.4.3 66.29 95.72 162.01 NOTE
r-release-macos-arm64 1.4.3 62.00 NOTE
r-release-macos-x86_64 1.4.3 106.00 NOTE
r-release-windows-x86_64 1.4.3 60.00 128.00 188.00 NOTE
r-oldrel-macos-arm64 1.4.3 75.00 NOTE
r-oldrel-macos-x86_64 1.4.3 124.00 NOTE
r-oldrel-windows-x86_64 1.4.3 71.00 156.00 227.00 NOTE

Check Details

Version: 1.4.3
Check: C++ specification
Result: NOTE Specified C++11: please drop specification unless essential Flavors: r-devel-linux-x86_64-debian-clang, r-devel-linux-x86_64-debian-gcc, r-devel-linux-x86_64-fedora-clang, r-devel-linux-x86_64-fedora-gcc, r-devel-windows-x86_64, r-patched-linux-x86_64, r-release-linux-x86_64, r-release-macos-arm64, r-release-macos-x86_64, r-release-windows-x86_64, r-oldrel-macos-arm64, r-oldrel-macos-x86_64, r-oldrel-windows-x86_64

Version: 1.4.3
Check: installed package size
Result: NOTE installed size is 26.6Mb sub-directories of 1Mb or more: libs 26.4Mb Flavors: r-release-macos-arm64, r-release-macos-x86_64, r-oldrel-macos-arm64, r-oldrel-macos-x86_64