CRAN Package Check Results for Package av

Last updated on 2025-01-19 05:49:04 CET.

Flavor Version Tinstall Tcheck Ttotal Status Flags
r-devel-linux-x86_64-debian-clang 0.9.3 4.52 53.47 57.99 OK
r-devel-linux-x86_64-debian-gcc 0.9.3 3.94 41.42 45.36 OK
r-devel-linux-x86_64-fedora-clang 0.9.3 98.48 OK
r-devel-linux-x86_64-fedora-gcc 0.9.3 97.99 OK
r-devel-windows-x86_64 0.9.3 19.00 187.00 206.00 OK
r-patched-linux-x86_64 0.9.3 4.49 53.10 57.59 OK
r-release-linux-x86_64 0.9.3 4.64 52.57 57.21 OK
r-release-macos-arm64 0.9.3 51.00 NOTE
r-release-macos-x86_64 0.9.3 77.00 NOTE
r-release-windows-x86_64 0.9.3 19.00 198.00 217.00 NOTE
r-oldrel-macos-arm64 0.9.3 55.00 NOTE
r-oldrel-macos-x86_64 0.9.3 82.00 NOTE
r-oldrel-windows-x86_64 0.9.3 24.00 252.00 276.00 NOTE

Check Details

Version: 0.9.3
Check: installed package size
Result: NOTE installed size is 23.7Mb sub-directories of 1Mb or more: libs 22.9Mb Flavors: r-release-macos-arm64, r-release-macos-x86_64, r-release-windows-x86_64, r-oldrel-macos-arm64, r-oldrel-macos-x86_64, r-oldrel-windows-x86_64