Last updated on 2024-04-21 12:53:48 CEST.
Flavor | Version | Tinstall | Tcheck | Ttotal | Status | Flags |
---|---|---|---|---|---|---|
r-devel-linux-x86_64-debian-clang | 0.9.0 | 6.82 | 73.97 | 80.79 | OK | |
r-devel-linux-x86_64-debian-gcc | 0.9.0 | 4.79 | 55.80 | 60.59 | OK | |
r-devel-linux-x86_64-fedora-clang | 0.9.0 | 103.20 | OK | |||
r-devel-linux-x86_64-fedora-gcc | 0.9.0 | 101.21 | OK | |||
r-prerel-macos-arm64 | 0.9.0 | 39.00 | NOTE | |||
r-prerel-windows-x86_64 | 0.9.0 | 19.00 | 187.00 | 206.00 | NOTE | |
r-patched-linux-x86_64 | 0.9.0 | 5.41 | 72.54 | 77.95 | OK | |
r-release-linux-x86_64 | 0.9.0 | 6.13 | 72.04 | 78.17 | OK | |
r-release-macos-arm64 | 0.9.0 | 58.00 | NOTE | |||
r-release-macos-x86_64 | 0.9.0 | 107.00 | NOTE | |||
r-release-windows-x86_64 | 0.9.0 | 25.00 | 267.00 | 292.00 | NOTE | |
r-oldrel-macos-arm64 | 0.9.0 | 47.00 | NOTE | |||
r-oldrel-windows-x86_64 | 0.9.0 | 28.00 | 214.00 | 242.00 | NOTE |
Version: 0.9.0
Check: installed package size
Result: NOTE
installed size is 23.7Mb
sub-directories of 1Mb or more:
libs 22.9Mb
Flavors: r-prerel-macos-arm64, r-prerel-windows-x86_64, r-release-macos-arm64, r-release-macos-x86_64, r-release-windows-x86_64, r-oldrel-macos-arm64, r-oldrel-windows-x86_64