CRAN Package Check Results for Package avar

Last updated on 2025-01-19 05:49:04 CET.

Flavor Version Tinstall Tcheck Ttotal Status Flags
r-devel-linux-x86_64-debian-clang 0.1.3 20.55 62.34 82.89 NOTE
r-devel-linux-x86_64-debian-gcc 0.1.3 15.78 46.47 62.25 NOTE
r-devel-linux-x86_64-fedora-clang 0.1.3 147.73 NOTE
r-devel-linux-x86_64-fedora-gcc 0.1.3 153.58 NOTE
r-devel-windows-x86_64 0.1.3 26.00 100.00 126.00 NOTE
r-patched-linux-x86_64 0.1.3 22.43 57.78 80.21 NOTE
r-release-linux-x86_64 0.1.3 21.29 56.65 77.94 NOTE
r-release-macos-arm64 0.1.3 48.00 NOTE
r-release-macos-x86_64 0.1.3 65.00 NOTE
r-release-windows-x86_64 0.1.3 26.00 104.00 130.00 NOTE
r-oldrel-macos-arm64 0.1.3 53.00 OK
r-oldrel-macos-x86_64 0.1.3 82.00 OK
r-oldrel-windows-x86_64 0.1.3 33.00 112.00 145.00 OK

Check Details

Version: 0.1.3
Check: Rd files
Result: NOTE checkRd: (-1) avar_mo_cpp.Rd:15: Lost braces in \itemize; \value handles \item{}{} directly checkRd: (-1) avar_mo_cpp.Rd:16: Lost braces in \itemize; \value handles \item{}{} directly checkRd: (-1) avar_mo_cpp.Rd:17: Lost braces in \itemize; \value handles \item{}{} directly checkRd: (-1) avar_to_cpp.Rd:15: Lost braces in \itemize; \value handles \item{}{} directly checkRd: (-1) avar_to_cpp.Rd:16: Lost braces in \itemize; \value handles \item{}{} directly checkRd: (-1) avar_to_cpp.Rd:17: Lost braces in \itemize; \value handles \item{}{} directly Flavors: r-devel-linux-x86_64-debian-clang, r-devel-linux-x86_64-debian-gcc, r-devel-linux-x86_64-fedora-clang, r-devel-linux-x86_64-fedora-gcc, r-devel-windows-x86_64, r-patched-linux-x86_64, r-release-linux-x86_64, r-release-macos-arm64, r-release-macos-x86_64, r-release-windows-x86_64