Last updated on 2025-02-08 20:48:18 CET.
Flavor | Version | Tinstall | Tcheck | Ttotal | Status | Flags |
---|---|---|---|---|---|---|
r-devel-linux-x86_64-debian-clang | 1.3 | 4.63 | 48.77 | 53.40 | OK | |
r-devel-linux-x86_64-debian-gcc | 1.3 | 3.63 | 40.11 | 43.74 | OK | |
r-devel-linux-x86_64-fedora-clang | 1.3 | 89.11 | NOTE | |||
r-devel-linux-x86_64-fedora-gcc | 1.3 | 94.52 | NOTE | |||
r-devel-windows-x86_64 | 1.3 | 8.00 | 72.00 | 80.00 | OK | |
r-patched-linux-x86_64 | 1.3 | 5.17 | 46.60 | 51.77 | OK | |
r-release-linux-x86_64 | 1.3 | 5.13 | 46.21 | 51.34 | OK | |
r-release-macos-arm64 | 1.3 | 34.00 | OK | |||
r-release-macos-x86_64 | 1.3 | 68.00 | OK | |||
r-release-windows-x86_64 | 1.3 | 7.00 | 74.00 | 81.00 | OK | |
r-oldrel-macos-arm64 | 1.3 | 33.00 | OK | |||
r-oldrel-macos-x86_64 | 1.3 | 65.00 | OK | |||
r-oldrel-windows-x86_64 | 1.3 | 9.00 | 79.00 | 88.00 | OK |
Version: 1.3
Check: dependencies in R code
Result: NOTE
Namespaces in Imports field not imported from:
‘DT’ ‘bslib’ ‘rclipboard’ ‘rmarkdown’
All declared Imports should be used.
Flavors: r-devel-linux-x86_64-fedora-clang, r-devel-linux-x86_64-fedora-gcc