Last updated on 2025-01-19 05:49:04 CET.
Flavor | Version | Tinstall | Tcheck | Ttotal | Status | Flags |
---|---|---|---|---|---|---|
r-devel-linux-x86_64-debian-clang | 2.1.2 | 15.07 | 157.59 | 172.66 | OK | |
r-devel-linux-x86_64-debian-gcc | 2.1.2 | 9.31 | 112.04 | 121.35 | OK | |
r-devel-linux-x86_64-fedora-clang | 2.1.2 | 277.51 | OK | |||
r-devel-linux-x86_64-fedora-gcc | 2.1.2 | 273.97 | OK | |||
r-devel-windows-x86_64 | 2.1.2 | 19.00 | 183.00 | 202.00 | OK | |
r-patched-linux-x86_64 | 2.1.2 | 15.32 | 146.38 | 161.70 | OK | |
r-release-linux-x86_64 | 2.1.2 | 11.98 | 148.14 | 160.12 | OK | |
r-release-macos-arm64 | 2.1.2 | 87.00 | NOTE | |||
r-release-macos-x86_64 | 2.1.2 | 216.00 | NOTE | |||
r-release-windows-x86_64 | 2.1.2 | 18.00 | 178.00 | 196.00 | NOTE | |
r-oldrel-macos-arm64 | 2.1.2 | 122.00 | NOTE | |||
r-oldrel-macos-x86_64 | 2.1.2 | 234.00 | NOTE | |||
r-oldrel-windows-x86_64 | 2.1.2 | 20.00 | 208.00 | 228.00 | NOTE |
Version: 2.1.2
Check: installed package size
Result: NOTE
installed size is 7.3Mb
sub-directories of 1Mb or more:
doc 3.9Mb
help 2.2Mb
Flavors: r-release-macos-arm64, r-release-macos-x86_64, r-release-windows-x86_64, r-oldrel-macos-arm64, r-oldrel-macos-x86_64, r-oldrel-windows-x86_64