Last updated on 2025-01-19 05:49:04 CET.
Flavor | Version | Tinstall | Tcheck | Ttotal | Status | Flags |
---|---|---|---|---|---|---|
r-devel-linux-x86_64-debian-clang | 1.0 | 40.49 | 59.62 | 100.11 | OK | |
r-devel-linux-x86_64-debian-gcc | 1.0 | 34.70 | 43.33 | 78.03 | OK | |
r-devel-linux-x86_64-fedora-clang | 1.0 | 166.22 | OK | |||
r-devel-linux-x86_64-fedora-gcc | 1.0 | 188.02 | OK | |||
r-devel-windows-x86_64 | 1.0 | 44.00 | 102.00 | 146.00 | OK | |
r-patched-linux-x86_64 | 1.0 | 50.15 | 55.95 | 106.10 | OK | |
r-release-linux-x86_64 | 1.0 | 45.51 | 56.45 | 101.96 | OK | |
r-release-macos-arm64 | 1.0 | 46.00 | NOTE | |||
r-release-macos-x86_64 | 1.0 | 76.00 | NOTE | |||
r-release-windows-x86_64 | 1.0 | 46.00 | 103.00 | 149.00 | OK | |
r-oldrel-macos-arm64 | 1.0 | 54.00 | NOTE | |||
r-oldrel-macos-x86_64 | 1.0 | 72.00 | NOTE | |||
r-oldrel-windows-x86_64 | 1.0 | 51.00 | 118.00 | 169.00 | OK |
Version: 1.0
Check: installed package size
Result: NOTE
installed size is 10.4Mb
sub-directories of 1Mb or more:
libs 10.1Mb
Flavors: r-release-macos-arm64, r-release-macos-x86_64, r-oldrel-macos-arm64, r-oldrel-macos-x86_64