CRAN Package Check Results for Package bahc

Last updated on 2025-01-19 05:49:04 CET.

Flavor Version Tinstall Tcheck Ttotal Status Flags
r-devel-linux-x86_64-debian-clang 0.3.0 1.73 17.48 19.21 OK
r-devel-linux-x86_64-debian-gcc 0.3.0 1.42 14.59 16.01 OK
r-devel-linux-x86_64-fedora-clang 0.3.0 32.49 OK
r-devel-linux-x86_64-fedora-gcc 0.3.0 30.74 OK
r-devel-windows-x86_64 0.3.0 2.00 40.00 42.00 OK
r-patched-linux-x86_64 0.3.0 1.76 18.17 19.93 NOTE
r-release-linux-x86_64 0.3.0 1.49 18.17 19.66 NOTE
r-release-macos-arm64 0.3.0 17.00 NOTE
r-release-macos-x86_64 0.3.0 22.00 NOTE
r-release-windows-x86_64 0.3.0 3.00 55.00 58.00 NOTE
r-oldrel-macos-arm64 0.3.0 16.00 NOTE
r-oldrel-macos-x86_64 0.3.0 20.00 NOTE
r-oldrel-windows-x86_64 0.3.0 2.00 45.00 47.00 NOTE

Check Details

Version: 0.3.0
Check: LazyData
Result: NOTE 'LazyData' is specified without a 'data' directory Flavors: r-patched-linux-x86_64, r-release-linux-x86_64, r-release-macos-arm64, r-release-macos-x86_64, r-release-windows-x86_64, r-oldrel-macos-arm64, r-oldrel-macos-x86_64, r-oldrel-windows-x86_64