Last updated on 2025-01-19 05:49:04 CET.
Flavor | Version | Tinstall | Tcheck | Ttotal | Status | Flags |
---|---|---|---|---|---|---|
r-devel-linux-x86_64-debian-clang | 1.0-1 | 73.42 | 154.77 | 228.19 | NOTE | |
r-devel-linux-x86_64-debian-gcc | 1.0-1 | 55.19 | 139.30 | 194.49 | NOTE | |
r-devel-linux-x86_64-fedora-clang | 1.0-1 | 339.14 | NOTE | |||
r-devel-linux-x86_64-fedora-gcc | 1.0-1 | 337.51 | NOTE | |||
r-devel-windows-x86_64 | 1.0-1 | 78.00 | 122.00 | 200.00 | OK | |
r-patched-linux-x86_64 | 1.0-1 | 77.27 | 114.69 | 191.96 | OK | |
r-release-linux-x86_64 | 1.0-1 | 74.31 | 115.89 | 190.20 | OK | |
r-release-macos-arm64 | 1.0-1 | 100.00 | NOTE | |||
r-release-macos-x86_64 | 1.0-1 | 111.00 | NOTE | |||
r-release-windows-x86_64 | 1.0-1 | 76.00 | 123.00 | 199.00 | OK | |
r-oldrel-macos-arm64 | 1.0-1 | 106.00 | NOTE | |||
r-oldrel-macos-x86_64 | 1.0-1 | 169.00 | NOTE | |||
r-oldrel-windows-x86_64 | 1.0-1 | 88.00 | 125.00 | 213.00 | OK |
Version: 1.0-1
Check: top-level files
Result: NOTE
possible bashism in configure.ac line 53 (unsafe echo with backslash):
echo ' To use all CPU cores, you should install OpenMP by running\n '
Flavors: r-devel-linux-x86_64-debian-clang, r-devel-linux-x86_64-debian-gcc, r-devel-linux-x86_64-fedora-clang, r-devel-linux-x86_64-fedora-gcc
Version: 1.0-1
Check: installed package size
Result: NOTE
installed size is 5.2Mb
sub-directories of 1Mb or more:
libs 4.9Mb
Flavors: r-release-macos-arm64, r-release-macos-x86_64, r-oldrel-macos-arm64, r-oldrel-macos-x86_64