Last updated on 2025-01-19 05:49:04 CET.
Flavor | Version | Tinstall | Tcheck | Ttotal | Status | Flags |
---|---|---|---|---|---|---|
r-devel-linux-x86_64-debian-clang | 1.0.0 | 33.19 | 278.32 | 311.51 | OK | |
r-devel-linux-x86_64-debian-gcc | 1.0.0 | 24.60 | 182.72 | 207.32 | OK | |
r-devel-linux-x86_64-fedora-clang | 1.0.0 | 533.36 | OK | |||
r-devel-linux-x86_64-fedora-gcc | 1.0.0 | 514.86 | OK | |||
r-devel-windows-x86_64 | 1.0.0 | 30.00 | 221.00 | 251.00 | OK | |
r-patched-linux-x86_64 | 1.0.0 | 28.57 | 257.58 | 286.15 | OK | |
r-release-linux-x86_64 | 1.0.0 | 31.15 | 260.61 | 291.76 | OK | |
r-release-macos-arm64 | 1.0.0 | 132.00 | NOTE | |||
r-release-macos-x86_64 | 1.0.0 | 227.00 | NOTE | |||
r-release-windows-x86_64 | 1.0.0 | 28.00 | 225.00 | 253.00 | NOTE | |
r-oldrel-macos-arm64 | 1.0.0 | 150.00 | NOTE | |||
r-oldrel-macos-x86_64 | 1.0.0 | 235.00 | NOTE | |||
r-oldrel-windows-x86_64 | 1.0.0 | 35.00 | 291.00 | 326.00 | NOTE |
Version: 1.0.0
Check: installed package size
Result: NOTE
installed size is 5.7Mb
sub-directories of 1Mb or more:
data 4.9Mb
Flavors: r-release-macos-arm64, r-release-macos-x86_64, r-release-windows-x86_64, r-oldrel-macos-arm64, r-oldrel-macos-x86_64, r-oldrel-windows-x86_64