Last updated on 2024-05-09 19:49:38 CEST.
Flavor | Version | Tinstall | Tcheck | Ttotal | Status | Flags |
---|---|---|---|---|---|---|
r-devel-linux-x86_64-debian-clang | 1.0.2 | 23.53 | 141.76 | 165.29 | NOTE | |
r-devel-linux-x86_64-debian-gcc | 1.0.2 | 19.54 | 104.77 | 124.31 | NOTE | |
r-devel-linux-x86_64-fedora-clang | 1.0.2 | 223.78 | NOTE | |||
r-devel-linux-x86_64-fedora-gcc | 1.0.2 | 242.67 | NOTE | |||
r-devel-windows-x86_64 | 1.0.2 | 21.00 | 136.00 | 157.00 | NOTE | |
r-patched-linux-x86_64 | 1.0.2 | 27.26 | 135.95 | 163.21 | NOTE | |
r-release-linux-x86_64 | 1.0.2 | 19.61 | 136.09 | 155.70 | NOTE | |
r-release-macos-arm64 | 1.0.2 | 72.00 | NOTE | |||
r-release-windows-x86_64 | 1.0.2 | 21.00 | 130.00 | 151.00 | NOTE | |
r-oldrel-macos-arm64 | 1.0.2 | 73.00 | NOTE | |||
r-oldrel-macos-x86_64 | 1.0.2 | 109.00 | NOTE | |||
r-oldrel-windows-x86_64 | 1.0.2 | 26.00 | 153.00 | 179.00 | NOTE |
Version: 1.0.2
Check: package subdirectories
Result: NOTE
Problems with news in ‘NEWS.md’:
Cannot extract version info from the following section titles:
Earlier versions
Flavors: r-devel-linux-x86_64-debian-clang, r-devel-linux-x86_64-debian-gcc, r-devel-linux-x86_64-fedora-clang, r-devel-linux-x86_64-fedora-gcc, r-devel-windows-x86_64, r-patched-linux-x86_64, r-release-linux-x86_64, r-release-macos-arm64, r-release-windows-x86_64, r-oldrel-macos-arm64, r-oldrel-macos-x86_64, r-oldrel-windows-x86_64
Version: 1.0.2
Check: Rd files
Result: NOTE
checkRd: (-1) BasicTable.Rd:659: Lost braces; missing escapes or markup?
659 | `function(v, cell) { if(isTRUE(v>0.8)) return("green") }`.\cr
| ^
checkRd: (-1) TableStyle.Rd:151: Lost braces; missing escapes or markup?
151 | The CSS style rule, e.g. { text-align: center; color: red; }
| ^
checkRd: (-1) TableStyle.Rd:172: Lost braces; missing escapes or markup?
172 | The CSS style rule, e.g. cell { text-align: center; color: red; }
| ^
checkRd: (-1) TableStyles.Rd:209: Lost braces; missing escapes or markup?
209 | The CSS style rule, e.g. { text-align: center; color: red; }
| ^
checkRd: (-1) TableStyles.Rd:232: Lost braces; missing escapes or markup?
232 | The CSS style rule, e.g. cell { text-align: center; color: red; }
| ^
Flavors: r-devel-linux-x86_64-debian-clang, r-devel-linux-x86_64-debian-gcc, r-devel-linux-x86_64-fedora-clang, r-devel-linux-x86_64-fedora-gcc, r-devel-windows-x86_64, r-patched-linux-x86_64, r-release-linux-x86_64, r-release-macos-arm64, r-release-windows-x86_64