Last updated on 2025-01-19 05:49:04 CET.
Flavor | Version | Tinstall | Tcheck | Ttotal | Status | Flags |
---|---|---|---|---|---|---|
r-devel-linux-x86_64-debian-clang | 1.0.1 | 23.94 | 706.85 | 730.79 | OK | |
r-devel-linux-x86_64-debian-gcc | 1.0.1 | 17.64 | 367.99 | 385.63 | OK | |
r-devel-linux-x86_64-fedora-clang | 1.0.1 | 1292.81 | NOTE | |||
r-devel-linux-x86_64-fedora-gcc | 1.0.1 | 1205.20 | NOTE | |||
r-devel-windows-x86_64 | 1.0.1 | 31.00 | 572.00 | 603.00 | OK | |
r-patched-linux-x86_64 | 1.0.1 | 22.42 | 649.41 | 671.83 | OK | |
r-release-linux-x86_64 | 1.0.1 | 24.79 | 663.03 | 687.82 | OK | |
r-release-macos-arm64 | 1.0.1 | 248.00 | OK | |||
r-release-macos-x86_64 | 1.0.1 | 442.00 | OK | |||
r-release-windows-x86_64 | 1.0.1 | 32.00 | 561.00 | 593.00 | OK | |
r-oldrel-macos-arm64 | 1.0.1 | 230.00 | OK | |||
r-oldrel-macos-x86_64 | 1.0.1 | 642.00 | OK | |||
r-oldrel-windows-x86_64 | 1.0.1 | 34.00 | 809.00 | 843.00 | OK |
Version: 1.0.1
Check: dependencies in R code
Result: NOTE
Namespace in Imports field not imported from: ‘ggplot2’
All declared Imports should be used.
Flavors: r-devel-linux-x86_64-fedora-clang, r-devel-linux-x86_64-fedora-gcc