Last updated on 2025-01-19 05:49:04 CET.
Flavor | Version | Tinstall | Tcheck | Ttotal | Status | Flags |
---|---|---|---|---|---|---|
r-devel-linux-x86_64-debian-clang | 0.1.0 | 6.06 | 120.25 | 126.31 | OK | |
r-devel-linux-x86_64-debian-gcc | 0.1.0 | 3.74 | 79.77 | 83.51 | OK | |
r-devel-linux-x86_64-fedora-clang | 0.1.0 | 208.16 | NOTE | |||
r-devel-linux-x86_64-fedora-gcc | 0.1.0 | 215.23 | NOTE | |||
r-devel-windows-x86_64 | 0.1.0 | 8.00 | 116.00 | 124.00 | OK | |
r-patched-linux-x86_64 | 0.1.0 | 4.79 | 112.05 | 116.84 | OK | |
r-release-linux-x86_64 | 0.1.0 | 5.31 | 111.75 | 117.06 | OK | |
r-release-macos-arm64 | 0.1.0 | 59.00 | OK | |||
r-release-macos-x86_64 | 0.1.0 | 86.00 | OK | |||
r-release-windows-x86_64 | 0.1.0 | 8.00 | 117.00 | 125.00 | OK | |
r-oldrel-macos-arm64 | 0.1.0 | 61.00 | OK | |||
r-oldrel-macos-x86_64 | 0.1.0 | 105.00 | OK | |||
r-oldrel-windows-x86_64 | 0.1.0 | 9.00 | 140.00 | 149.00 | OK |
Version: 0.1.0
Check: dependencies in R code
Result: NOTE
Namespace in Imports field not imported from: ‘vtable’
All declared Imports should be used.
Flavors: r-devel-linux-x86_64-fedora-clang, r-devel-linux-x86_64-fedora-gcc