Last updated on 2025-01-19 05:49:04 CET.
Flavor | Version | Tinstall | Tcheck | Ttotal | Status | Flags |
---|---|---|---|---|---|---|
r-devel-linux-x86_64-debian-clang | 0.1.0 | 13.13 | 22.92 | 36.05 | OK | |
r-devel-linux-x86_64-debian-gcc | 0.1.0 | 8.75 | 18.98 | 27.73 | OK | |
r-devel-linux-x86_64-fedora-clang | 0.1.0 | 67.25 | NOTE | |||
r-devel-linux-x86_64-fedora-gcc | 0.1.0 | 62.81 | NOTE | |||
r-devel-windows-x86_64 | 0.1.0 | 15.00 | 59.00 | 74.00 | OK | |
r-patched-linux-x86_64 | 0.1.0 | 11.63 | 22.10 | 33.73 | OK | |
r-release-linux-x86_64 | 0.1.0 | 11.80 | 22.02 | 33.82 | OK | |
r-release-macos-arm64 | 0.1.0 | 21.00 | OK | |||
r-release-macos-x86_64 | 0.1.0 | 30.00 | OK | |||
r-release-windows-x86_64 | 0.1.0 | 16.00 | 66.00 | 82.00 | OK | |
r-oldrel-macos-arm64 | 0.1.0 | 24.00 | OK | |||
r-oldrel-macos-x86_64 | 0.1.0 | 39.00 | OK | |||
r-oldrel-windows-x86_64 | 0.1.0 | 18.00 | 71.00 | 89.00 | OK |
Version: 0.1.0
Check: compiled code
Result: NOTE
File ‘batman/libs/batman.so’:
Found no calls to: ‘R_registerRoutines’, ‘R_useDynamicSymbols’
It is good practice to register native routines and to disable symbol
search.
See ‘Writing portable packages’ in the ‘Writing R Extensions’ manual.
Flavors: r-devel-linux-x86_64-fedora-clang, r-devel-linux-x86_64-fedora-gcc