Last updated on 2025-01-19 05:49:04 CET.
Flavor | Version | Tinstall | Tcheck | Ttotal | Status | Flags |
---|---|---|---|---|---|---|
r-devel-linux-x86_64-debian-clang | 1.2.12 | 568.56 | 312.19 | 880.75 | OK | |
r-devel-linux-x86_64-debian-gcc | 1.2.12 | 490.17 | 259.49 | 749.66 | OK | |
r-devel-linux-x86_64-fedora-clang | 1.2.12 | 1363.69 | OK | |||
r-devel-linux-x86_64-fedora-gcc | 1.2.12 | 1522.88 | OK | |||
r-devel-windows-x86_64 | 1.2.12 | 494.00 | 377.00 | 871.00 | OK | |
r-patched-linux-x86_64 | 1.2.12 | 560.46 | 348.99 | 909.45 | NOTE | |
r-release-linux-x86_64 | 1.2.12 | 659.78 | 349.06 | 1008.84 | NOTE | |
r-release-macos-arm64 | 1.2.12 | 347.00 | NOTE | |||
r-release-macos-x86_64 | 1.2.12 | 435.00 | NOTE | |||
r-release-windows-x86_64 | 1.2.12 | 500.00 | 380.00 | 880.00 | NOTE | |
r-oldrel-macos-arm64 | 1.2.12 | 348.00 | NOTE | |||
r-oldrel-macos-x86_64 | 1.2.12 | 485.00 | NOTE | |||
r-oldrel-windows-x86_64 | 1.2.12 | 681.00 | 481.00 | 1162.00 | NOTE |
Version: 1.2.12
Check: for GNU extensions in Makefiles
Result: NOTE
GNU make is a SystemRequirements.
Flavors: r-patched-linux-x86_64, r-release-linux-x86_64, r-release-macos-arm64, r-release-macos-x86_64, r-release-windows-x86_64, r-oldrel-macos-arm64, r-oldrel-macos-x86_64, r-oldrel-windows-x86_64
Version: 1.2.12
Check: installed package size
Result: NOTE
installed size is 103.1Mb
sub-directories of 1Mb or more:
doc 1.9Mb
libs 99.7Mb
Flavors: r-release-macos-arm64, r-release-macos-x86_64, r-release-windows-x86_64, r-oldrel-macos-arm64, r-oldrel-macos-x86_64, r-oldrel-windows-x86_64