Last updated on 2024-04-25 18:49:19 CEST.
Flavor | Version | Tinstall | Tcheck | Ttotal | Status | Flags |
---|---|---|---|---|---|---|
r-devel-linux-x86_64-debian-clang | 1.2.12 | 707.08 | 414.87 | 1121.95 | NOTE | |
r-devel-linux-x86_64-debian-gcc | 1.2.12 | 656.78 | 360.78 | 1017.56 | NOTE | |
r-devel-linux-x86_64-fedora-clang | 1.2.12 | 1413.91 | NOTE | |||
r-devel-linux-x86_64-fedora-gcc | 1.2.12 | 1499.44 | NOTE | |||
r-devel-windows-x86_64 | 1.2.12 | 565.00 | 394.00 | 959.00 | NOTE | |
r-patched-linux-x86_64 | 1.2.12 | 0.01 | 2.79 | 2.80 | ERROR | |
r-release-linux-x86_64 | 1.2.12 | 0.02 | 2.60 | 2.62 | ERROR | |
r-release-macos-arm64 | 1.2.12 | 347.00 | NOTE | |||
r-release-windows-x86_64 | 1.2.12 | 521.00 | 391.00 | 912.00 | NOTE | |
r-oldrel-macos-arm64 | 1.2.12 | 348.00 | NOTE | |||
r-oldrel-macos-x86_64 | 1.2.12 | 485.00 | NOTE | |||
r-oldrel-windows-x86_64 | 1.2.12 | 710.00 | 493.00 | 1203.00 | NOTE |
Version: 1.2.12
Check: for GNU extensions in Makefiles
Result: NOTE
GNU make is a SystemRequirements.
Flavors: r-devel-linux-x86_64-debian-clang, r-devel-linux-x86_64-debian-gcc, r-devel-linux-x86_64-fedora-clang, r-devel-linux-x86_64-fedora-gcc, r-devel-windows-x86_64, r-release-macos-arm64, r-release-windows-x86_64, r-oldrel-macos-arm64, r-oldrel-macos-x86_64, r-oldrel-windows-x86_64
Version: 1.2.12
Check: installed package size
Result: NOTE
installed size is 10.0Mb
sub-directories of 1Mb or more:
doc 1.9Mb
libs 6.5Mb
Flavors: r-devel-linux-x86_64-fedora-clang, r-devel-windows-x86_64, r-release-macos-arm64, r-release-windows-x86_64, r-oldrel-macos-arm64, r-oldrel-macos-x86_64, r-oldrel-windows-x86_64
Version: 1.2.12
Check: whether package can be installed
Result: ERROR
Installation failed.
Flavors: r-patched-linux-x86_64, r-release-linux-x86_64