Last updated on 2024-04-17 13:57:22 CEST.
Flavor | Version | Tinstall | Tcheck | Ttotal | Status | Flags |
---|---|---|---|---|---|---|
r-devel-linux-x86_64-debian-clang | 2.1.10 | 3.63 | 32.41 | 36.04 | OK | |
r-devel-linux-x86_64-debian-gcc | 2.1.10 | 2.94 | 24.83 | 27.77 | OK | |
r-devel-linux-x86_64-fedora-clang | 2.1.10 | 46.26 | NOTE | |||
r-devel-linux-x86_64-fedora-gcc | 2.1.10 | 43.56 | OK | |||
r-prerel-macos-arm64 | 2.1.10 | 19.00 | OK | |||
r-prerel-windows-x86_64 | 2.1.10 | 5.00 | 55.00 | 60.00 | OK | |
r-patched-linux-x86_64 | 2.1.10 | 2.73 | 32.21 | 34.94 | OK | |
r-release-linux-x86_64 | 2.1.10 | 3.53 | 32.51 | 36.04 | OK | |
r-release-macos-arm64 | 2.1.10 | 24.00 | OK | |||
r-release-macos-x86_64 | 2.1.10 | 34.00 | NOTE | |||
r-release-windows-x86_64 | 2.1.10 | 6.00 | 55.00 | 61.00 | OK | |
r-oldrel-macos-arm64 | 2.1.10 | 22.00 | OK | |||
r-oldrel-windows-x86_64 | 2.1.10 | 6.00 | 52.00 | 58.00 | OK |
Version: 2.1.10
Check: Rd cross-references
Result: NOTE
Undeclared package ‘fGarch’ in Rd xrefs
Flavor: r-devel-linux-x86_64-fedora-clang
Version: 2.1.10
Check: Rd cross-references
Result: NOTE
Package unavailable to check Rd xrefs: ‘fGarch’
Flavor: r-release-macos-x86_64