CRAN Package Check Results for Package bayesPO

Last updated on 2025-01-19 05:49:04 CET.

Flavor Version Tinstall Tcheck Ttotal Status Flags
r-devel-linux-x86_64-debian-clang 0.5.0 61.54 49.21 110.75 OK
r-devel-linux-x86_64-debian-gcc 0.5.0 43.98 40.81 84.79 OK
r-devel-linux-x86_64-fedora-clang 0.5.0 206.98 OK
r-devel-linux-x86_64-fedora-gcc 0.5.0 227.74 OK
r-devel-windows-x86_64 0.5.0 63.00 105.00 168.00 OK
r-patched-linux-x86_64 0.5.0 60.55 53.19 113.74 OK
r-release-linux-x86_64 0.5.0 60.25 54.44 114.69 OK
r-release-macos-arm64 0.5.0 57.00 NOTE
r-release-macos-x86_64 0.5.0 76.00 NOTE
r-release-windows-x86_64 0.5.0 62.00 102.00 164.00 OK
r-oldrel-macos-arm64 0.5.0 74.00 NOTE
r-oldrel-macos-x86_64 0.5.0 163.00 NOTE
r-oldrel-windows-x86_64 0.5.0 71.00 122.00 193.00 OK

Check Details

Version: 0.5.0
Check: installed package size
Result: NOTE installed size is 12.2Mb sub-directories of 1Mb or more: libs 11.6Mb Flavors: r-release-macos-arm64, r-release-macos-x86_64, r-oldrel-macos-arm64, r-oldrel-macos-x86_64